Last updated on 2022-08-18 23:01:02 CEST.
Flavor | Version | Tinstall | Tcheck | Ttotal | Status | Flags |
---|---|---|---|---|---|---|
r-devel-linux-x86_64-debian-clang | 1.4.8 | 3.24 | 39.75 | 42.99 | NOTE | |
r-devel-linux-x86_64-debian-gcc | 1.4.8 | 2.80 | 29.46 | 32.26 | NOTE | |
r-devel-linux-x86_64-fedora-clang | 1.4.8 | 61.85 | NOTE | |||
r-devel-linux-x86_64-fedora-gcc | 1.4.8 | 58.27 | NOTE | |||
r-devel-windows-x86_64 | 1.4.8 | 83.00 | 68.00 | 151.00 | NOTE | |
r-patched-linux-x86_64 | 1.4.8 | 3.96 | 35.89 | 39.85 | OK | |
r-release-linux-x86_64 | 1.4.8 | OK | ||||
r-release-macos-arm64 | 1.4.8 | 19.00 | OK | |||
r-release-macos-x86_64 | 1.4.8 | 29.00 | OK | |||
r-release-windows-x86_64 | 1.4.8 | 60.00 | 68.00 | 128.00 | OK | |
r-oldrel-macos-arm64 | 1.4.8 | 22.00 | OK | |||
r-oldrel-macos-x86_64 | 1.4.8 | 40.00 | OK | |||
r-oldrel-windows-ix86+x86_64 | 1.4.8 | 7.00 | 63.00 | 70.00 | OK |
Version: 1.4.8
Check: package subdirectories
Result: NOTE
Problems with news in 'NEWS.md':
Cannot extract version info from the following section titles:
Feature Changes
Flavors: r-devel-linux-x86_64-debian-clang, r-devel-linux-x86_64-debian-gcc, r-devel-linux-x86_64-fedora-clang, r-devel-linux-x86_64-fedora-gcc, r-devel-windows-x86_64
Version: 1.4.8
Check: Rd cross-references
Result: NOTE
Undeclared packages ‘reshape2’, ‘sampling’, ‘dplyr’ in Rd xrefs
Flavor: r-devel-linux-x86_64-fedora-clang