CRAN Package Check Results for Package spm2

Last updated on 2022-01-22 22:52:27 CET.

Flavor Version Tinstall Tcheck Ttotal Status Flags
r-devel-linux-x86_64-debian-clang 1.1.0 6.16 54.78 60.94 OK
r-devel-linux-x86_64-debian-gcc 1.1.0 5.55 41.16 46.71 OK
r-devel-linux-x86_64-fedora-clang 1.1.0 74.16 NOTE
r-devel-linux-x86_64-fedora-gcc 1.1.0 65.94 NOTE
r-devel-windows-x86_64-new-UL 1.1.0 36.00 80.00 116.00 OK
r-devel-windows-x86_64-new-TK 1.1.0 NOTE
r-patched-linux-x86_64 1.1.0 5.99 51.59 57.58 OK
r-release-linux-x86_64 1.1.0 4.52 51.29 55.81 OK
r-release-macos-arm64 1.1.0 NOTE
r-release-macos-x86_64 1.1.0 NOTE
r-release-windows-ix86+x86_64 1.1.0 15.00 63.00 78.00 OK
r-oldrel-macos-x86_64 1.1.0 NOTE
r-oldrel-windows-ix86+x86_64 1.1.0 14.00 65.00 79.00 OK

Check Details

Version: 1.1.0
Check: dependencies in R code
Result: NOTE
    Namespaces in Imports field not imported from:
     ‘MASS’ ‘psy’ ‘ranger’
     All declared Imports should be used.
Flavors: r-devel-linux-x86_64-fedora-clang, r-devel-linux-x86_64-fedora-gcc, r-devel-windows-x86_64-new-TK, r-release-macos-arm64, r-release-macos-x86_64, r-oldrel-macos-x86_64