CRAN Package Check Results for Package spotifyr

Last updated on 2022-01-23 22:49:55 CET.

Flavor Version Tinstall Tcheck Ttotal Status Flags
r-devel-linux-x86_64-debian-clang 2.2.3 12.04 119.10 131.14 OK
r-devel-linux-x86_64-debian-gcc 2.2.3 11.40 100.18 111.58 OK
r-devel-linux-x86_64-fedora-clang 2.2.3 162.78 NOTE
r-devel-linux-x86_64-fedora-gcc 2.2.3 144.77 NOTE
r-devel-windows-x86_64-new-UL 2.2.3 81.00 140.00 221.00 OK
r-devel-windows-x86_64-new-TK 2.2.3 NOTE
r-patched-linux-x86_64 2.2.3 15.16 111.38 126.54 OK
r-release-linux-x86_64 2.2.3 12.54 112.61 125.15 OK
r-release-macos-arm64 2.2.3 NOTE
r-release-macos-x86_64 2.2.3 NOTE
r-release-windows-ix86+x86_64 2.2.3 31.00 133.00 164.00 OK
r-oldrel-macos-x86_64 2.2.3 NOTE
r-oldrel-windows-ix86+x86_64 2.2.3 30.00 134.00 164.00 OK

Check Details

Version: 2.2.3
Check: dependencies in R code
Result: NOTE
    Namespace in Imports field not imported from: ‘ggridges’
     All declared Imports should be used.
Flavors: r-devel-linux-x86_64-fedora-clang, r-devel-linux-x86_64-fedora-gcc, r-devel-windows-x86_64-new-TK, r-release-macos-arm64, r-release-macos-x86_64, r-oldrel-macos-x86_64