Last updated on 2022-05-28 22:55:20 CEST.
Flavor | Version | Tinstall | Tcheck | Ttotal | Status | Flags |
---|---|---|---|---|---|---|
r-devel-linux-x86_64-debian-clang | 1.0.0 | 6.28 | 130.70 | 136.98 | OK | |
r-devel-linux-x86_64-debian-gcc | 1.0.0 | 5.86 | 95.83 | 101.69 | OK | |
r-devel-linux-x86_64-fedora-clang | 1.0.0 | 162.86 | NOTE | |||
r-devel-linux-x86_64-fedora-gcc | 1.0.0 | 150.09 | NOTE | |||
r-devel-windows-x86_64 | 1.0.0 | 30.00 | 155.00 | 185.00 | OK | |
r-patched-linux-x86_64 | 1.0.0 | 6.43 | 123.98 | 130.41 | OK | |
r-release-linux-x86_64 | 1.0.0 | 7.07 | 123.04 | 130.11 | OK | |
r-release-macos-arm64 | 1.0.0 | 61.00 | NOTE | |||
r-release-macos-x86_64 | 1.0.0 | 95.00 | NOTE | |||
r-release-windows-x86_64 | 1.0.0 | 32.00 | 157.00 | 189.00 | OK | |
r-oldrel-macos-arm64 | 1.0.0 | 84.00 | NOTE | |||
r-oldrel-macos-x86_64 | 1.0.0 | 72.00 | NOTE | |||
r-oldrel-windows-ix86+x86_64 | 1.0.0 | 19.00 | 151.00 | 170.00 | OK |
Version: 1.0.0
Check: dependencies in R code
Result: NOTE
Namespace in Imports field not imported from: ‘sp’
All declared Imports should be used.
Flavors: r-devel-linux-x86_64-fedora-clang, r-devel-linux-x86_64-fedora-gcc, r-release-macos-arm64, r-release-macos-x86_64, r-oldrel-macos-arm64, r-oldrel-macos-x86_64