CRAN Package Check Results for Package sqldf

Last updated on 2024-05-21 22:58:09 CEST.

Flavor Version Tinstall Tcheck Ttotal Status Flags
r-devel-linux-x86_64-debian-clang 0.4-11 7.70 56.44 64.14 NOTE
r-devel-linux-x86_64-debian-gcc 0.4-11 5.34 42.07 47.41 NOTE
r-devel-linux-x86_64-fedora-clang 0.4-11 79.03 NOTE
r-devel-linux-x86_64-fedora-gcc 0.4-11 73.95 NOTE
r-devel-windows-x86_64 0.4-11 6.00 59.00 65.00 NOTE
r-patched-linux-x86_64 0.4-11 7.62 52.50 60.12 NOTE
r-release-linux-x86_64 0.4-11 7.21 53.76 60.97 NOTE
r-release-macos-arm64 0.4-11 33.00 NOTE
r-release-windows-x86_64 0.4-11 6.00 60.00 66.00 NOTE
r-oldrel-macos-arm64 0.4-11 25.00 OK
r-oldrel-macos-x86_64 0.4-11 46.00 OK
r-oldrel-windows-x86_64 0.4-11 7.00 65.00 72.00 OK

Check Details

Version: 0.4-11
Check: Rd files
Result: NOTE checkRd: (-1) sqldf.Rd:248: Lost braces 248 | and code{port} arguments of sqldf. | ^ Flavors: r-devel-linux-x86_64-debian-clang, r-devel-linux-x86_64-debian-gcc, r-devel-linux-x86_64-fedora-clang, r-devel-linux-x86_64-fedora-gcc, r-devel-windows-x86_64, r-patched-linux-x86_64, r-release-linux-x86_64, r-release-macos-arm64, r-release-windows-x86_64