CRAN Package Check Results for Package sqlscore

Last updated on 2022-01-23 22:49:55 CET.

Flavor Version Tinstall Tcheck Ttotal Status Flags
r-devel-linux-x86_64-debian-clang 0.1.4 2.50 50.26 52.76 OK
r-devel-linux-x86_64-debian-gcc 0.1.4 1.91 41.56 43.47 OK
r-devel-linux-x86_64-fedora-clang 0.1.4 62.84 OK
r-devel-linux-x86_64-fedora-gcc 0.1.4 50.63 OK
r-devel-windows-x86_64-new-UL 0.1.4 25.00 71.00 96.00 OK
r-devel-windows-x86_64-new-TK 0.1.4 NOTE
r-patched-linux-x86_64 0.1.4 2.51 47.15 49.66 OK
r-release-linux-x86_64 0.1.4 2.29 47.44 49.73 OK
r-release-macos-arm64 0.1.4 OK
r-release-macos-x86_64 0.1.4 OK
r-release-windows-ix86+x86_64 0.1.4 5.00 61.00 66.00 OK
r-oldrel-macos-x86_64 0.1.4 OK
r-oldrel-windows-ix86+x86_64 0.1.4 6.00 60.00 66.00 OK

Check Details

Version: 0.1.4
Check: package dependencies
Result: NOTE
    Package suggested but not available for checking: 'arm'
Flavor: r-devel-windows-x86_64-new-TK