CRAN Package Check Results for Package sregsurvey

Last updated on 2021-12-08 22:57:51 CET.

Flavor Version Tinstall Tcheck Ttotal Status Flags
r-devel-linux-x86_64-debian-clang 0.1.1 14.14 138.23 152.37 OK
r-devel-linux-x86_64-debian-gcc 0.1.1 10.68 111.10 121.78 OK
r-devel-linux-x86_64-fedora-clang 0.1.1 181.62 OK
r-devel-linux-x86_64-fedora-gcc 0.1.1 171.45 OK
r-devel-windows-x86_64-new-UL 0.1.1 24.00 175.00 199.00 OK
r-devel-windows-x86_64-new-TK 0.1.1 OK
r-devel-windows-x86_64-old 0.1.1 22.00 114.00 136.00 OK
r-patched-linux-x86_64 0.1.1 12.97 132.49 145.46 OK
r-release-linux-x86_64 0.1.1 14.11 130.45 144.56 OK
r-release-macos-arm64 0.1.1 OK
r-release-macos-x86_64 0.1.1 OK
r-release-windows-ix86+x86_64 0.1.1 34.00 157.00 191.00 OK
r-oldrel-macos-x86_64 0.1.1 OK
r-oldrel-windows-ix86+x86_64 0.1.1 4.00 8.00 12.00 ERROR

Check Details

Version: 0.1.1
Check: whether package can be installed
Result: ERROR
    Installation failed.
Flavor: r-oldrel-windows-ix86+x86_64