Last updated on 2022-07-05 22:50:34 CEST.
Flavor | Version | Tinstall | Tcheck | Ttotal | Status | Flags |
---|---|---|---|---|---|---|
r-devel-linux-x86_64-debian-clang | 0.3-6 | 102.74 | 58.44 | 161.18 | WARN | |
r-devel-linux-x86_64-debian-gcc | 0.3-6 | 76.06 | 44.48 | 120.54 | OK | |
r-devel-linux-x86_64-fedora-clang | 0.3-6 | 238.99 | WARN | |||
r-devel-linux-x86_64-fedora-gcc | 0.3-6 | 210.90 | OK | |||
r-devel-windows-x86_64 | 0.3-6 | 90.00 | 100.00 | 190.00 | OK | |
r-patched-linux-x86_64 | 0.3-6 | 81.09 | 56.67 | 137.76 | OK | |
r-release-linux-x86_64 | 0.3-6 | 81.65 | 56.03 | 137.68 | OK | |
r-release-macos-arm64 | 0.3-6 | 49.00 | OK | |||
r-release-macos-x86_64 | 0.3-6 | 68.00 | OK | |||
r-release-windows-x86_64 | 0.3-6 | 103.00 | 100.00 | 203.00 | OK | |
r-oldrel-macos-arm64 | 0.3-6 | 55.00 | OK | |||
r-oldrel-macos-x86_64 | 0.3-6 | 90.00 | OK | |||
r-oldrel-windows-ix86+x86_64 | 0.3-6 | 246.00 | 102.00 | 348.00 | OK |
Version: 0.3-6
Check: whether package can be installed
Result: WARN
Found the following significant warnings:
SRM_RCPP_SRM_ARBSRM.cpp:83:18: warning: use of bitwise '|' with boolean operands [-Wbitwise-instead-of-logical]
SRM_RCPP_SRM_ARBSRM.cpp:90:18: warning: use of bitwise '|' with boolean operands [-Wbitwise-instead-of-logical]
SRM_RCPP_SRM_ARBSRM.cpp:189:17: warning: use of bitwise '|' with boolean operands [-Wbitwise-instead-of-logical]
SRM_RCPP_SRM_ARBSRM.cpp:190:21: warning: use of bitwise '&' with boolean operands [-Wbitwise-instead-of-logical]
SRM_RCPP_SRM_ARBSRM.cpp:230:17: warning: use of bitwise '&' with boolean operands [-Wbitwise-instead-of-logical]
SRM_RCPP_SRM_ARBSRM.cpp:231:21: warning: use of bitwise '&' with boolean operands [-Wbitwise-instead-of-logical]
SRM_RCPP_SRM_ARBSRM.cpp:235:21: warning: use of bitwise '&' with boolean operands [-Wbitwise-instead-of-logical]
SRM_RCPP_SRM_ARBSRM.cpp:238:21: warning: use of bitwise '&' with boolean operands [-Wbitwise-instead-of-logical]
Flavors: r-devel-linux-x86_64-debian-clang, r-devel-linux-x86_64-fedora-clang