Last updated on 2023-05-30 23:09:29 CEST.
Flavor | Version | Tinstall | Tcheck | Ttotal | Status | Flags |
---|---|---|---|---|---|---|
r-devel-linux-x86_64-debian-clang | 0.1.0 | 3.50 | 33.80 | 37.30 | OK | |
r-devel-linux-x86_64-debian-gcc | 0.1.0 | 1.69 | 26.53 | 28.22 | OK | |
r-devel-linux-x86_64-fedora-clang | 0.1.0 | 49.06 | OK | |||
r-devel-linux-x86_64-fedora-gcc | 0.1.0 | 45.20 | OK | |||
r-devel-windows-x86_64 | 0.1.0 | 6.00 | 47.00 | 53.00 | OK | |
r-patched-linux-x86_64 | 0.1.0 | 2.81 | 31.83 | 34.64 | OK | |
r-release-linux-x86_64 | 0.1.0 | 1.96 | 32.16 | 34.12 | OK | |
r-release-macos-arm64 | 0.1.0 | 21.00 | OK | |||
r-release-macos-x86_64 | 0.1.0 | 28.00 | OK | |||
r-release-windows-x86_64 | 0.1.0 | 5.00 | 49.00 | 54.00 | OK | |
r-oldrel-macos-arm64 | 0.1.0 | 19.00 | NOTE | |||
r-oldrel-macos-x86_64 | 0.1.0 | 33.00 | NOTE | |||
r-oldrel-windows-x86_64 | 0.1.0 | 5.00 | 52.00 | 57.00 | OK |
Version: 0.1.0
Check: package dependencies
Result: NOTE
Package suggested but not available for checking: ‘scanstatistics’
Flavors: r-oldrel-macos-arm64, r-oldrel-macos-x86_64