CRAN Package Check Results for Package stablespec

Last updated on 2022-01-25 22:57:11 CET.

Flavor Version Tinstall Tcheck Ttotal Status Flags
r-devel-linux-x86_64-debian-clang 0.3.0 6.28 67.38 73.66 OK
r-devel-linux-x86_64-debian-gcc 0.3.0 4.71 52.08 56.79 OK
r-devel-linux-x86_64-fedora-clang 0.3.0 95.00 OK
r-devel-linux-x86_64-fedora-gcc 0.3.0 77.62 OK
r-devel-windows-x86_64-new-UL 0.3.0 46.00 91.00 137.00 OK
r-devel-windows-x86_64-new-TK 0.3.0 ERROR
r-patched-linux-x86_64 0.3.0 6.22 64.30 70.52 OK
r-release-linux-x86_64 0.3.0 5.73 64.81 70.54 OK
r-release-macos-arm64 0.3.0 OK
r-release-macos-x86_64 0.3.0 OK
r-release-windows-ix86+x86_64 0.3.0 12.00 79.00 91.00 OK
r-oldrel-macos-x86_64 0.3.0 OK
r-oldrel-windows-ix86+x86_64 0.3.0 12.00 81.00 93.00 OK

Check Details

Version: 0.3.0
Check: package dependencies
Result: ERROR
    Package required but not available: 'sem'
    
    See section 'The DESCRIPTION file' in the 'Writing R Extensions'
    manual.
Flavor: r-devel-windows-x86_64-new-TK