CRAN Package Check Results for Package stabs

Last updated on 2024-05-18 22:27:54 CEST.

Flavor Version Tinstall Tcheck Ttotal Status Flags
r-devel-linux-x86_64-debian-clang 0.6-4 2.49 79.64 82.13 NOTE
r-devel-linux-x86_64-debian-gcc 0.6-4 2.43 63.97 66.40 NOTE
r-devel-linux-x86_64-fedora-clang 0.6-4 112.59 NOTE
r-devel-linux-x86_64-fedora-gcc 0.6-4 128.66 NOTE
r-devel-windows-x86_64 0.6-4 3.00 59.00 62.00 NOTE
r-patched-linux-x86_64 0.6-4 2.81 79.40 82.21 NOTE
r-release-linux-x86_64 0.6-4 3.18 77.80 80.98 NOTE
r-release-macos-arm64 0.6-4 31.00 NOTE
r-release-windows-x86_64 0.6-4 3.00 60.00 63.00 NOTE
r-oldrel-macos-arm64 0.6-4 36.00 NOTE
r-oldrel-macos-x86_64 0.6-4 50.00 NOTE
r-oldrel-windows-x86_64 0.6-4 5.00 68.00 73.00 NOTE

Check Details

Version: 0.6-4
Check: Rd files
Result: NOTE checkRd: (-1) stabsel_parameters.Rd:42: Lost braces 42 | always use code{"none"}.} | ^ checkRd: (-1) stabsel_stabsel.Rd:25: Lost braces 25 | always use code{"none"}.} | ^ Flavors: r-devel-linux-x86_64-debian-clang, r-devel-linux-x86_64-debian-gcc, r-devel-linux-x86_64-fedora-clang, r-devel-linux-x86_64-fedora-gcc, r-devel-windows-x86_64, r-patched-linux-x86_64, r-release-linux-x86_64, r-release-macos-arm64, r-release-windows-x86_64

Version: 0.6-4
Check: LazyData
Result: NOTE 'LazyData' is specified without a 'data' directory Flavors: r-devel-linux-x86_64-debian-clang, r-devel-linux-x86_64-debian-gcc, r-devel-linux-x86_64-fedora-clang, r-devel-linux-x86_64-fedora-gcc, r-devel-windows-x86_64, r-patched-linux-x86_64, r-release-linux-x86_64, r-release-macos-arm64, r-release-windows-x86_64, r-oldrel-macos-arm64, r-oldrel-macos-x86_64, r-oldrel-windows-x86_64