CRAN Package Check Results for Package starnet

Last updated on 2024-02-20 23:54:08 CET.

Flavor Version Tinstall Tcheck Ttotal Status Flags
r-devel-linux-x86_64-debian-clang 0.0.6 NOTE
r-devel-linux-x86_64-debian-gcc 0.0.6 5.27 77.80 83.07 NOTE
r-devel-linux-x86_64-fedora-clang 0.0.6 138.23 NOTE
r-devel-linux-x86_64-fedora-gcc 0.0.6 154.65 NOTE
r-devel-windows-x86_64 0.0.6 7.00 109.00 116.00 NOTE
r-patched-linux-x86_64 0.0.6 6.93 100.07 107.00 NOTE
r-release-linux-x86_64 0.0.6 6.47 99.54 106.01 NOTE
r-release-macos-arm64 0.0.6 57.00 NOTE
r-release-macos-x86_64 0.0.6 80.00 NOTE
r-release-windows-x86_64 0.0.6 8.00 131.00 139.00 NOTE
r-oldrel-macos-arm64 0.0.6 50.00 NOTE
r-oldrel-windows-x86_64 0.0.6 9.00 125.00 134.00 NOTE

Check Details

Version: 0.0.6
Check: LazyData
Result: NOTE 'LazyData' is specified without a 'data' directory Flavors: r-devel-linux-x86_64-debian-clang, r-devel-linux-x86_64-debian-gcc, r-devel-linux-x86_64-fedora-clang, r-devel-linux-x86_64-fedora-gcc, r-devel-windows-x86_64, r-patched-linux-x86_64, r-release-linux-x86_64, r-release-macos-arm64, r-release-macos-x86_64, r-release-windows-x86_64, r-oldrel-macos-arm64, r-oldrel-windows-x86_64

Version: 0.0.6
Check: package dependencies
Result: NOTE Package which this enhances but not available for checking: ‘CVXR’ Flavor: r-release-macos-x86_64