CRAN Package Check Results for Package starvars

Last updated on 2023-03-24 22:55:24 CET.

Flavor Version Tinstall Tcheck Ttotal Status Flags
r-devel-linux-x86_64-debian-clang 1.1.10 14.61 108.05 122.66 NOTE
r-devel-linux-x86_64-debian-gcc 1.1.10 9.64 83.48 93.12 NOTE
r-devel-linux-x86_64-fedora-clang 1.1.10 159.49 NOTE
r-devel-linux-x86_64-fedora-gcc 1.1.10 153.01 NOTE
r-patched-linux-x86_64 1.1.10 12.36 103.63 115.99 OK
r-release-linux-x86_64 1.1.10 15.36 102.88 118.24 OK
r-release-macos-arm64 1.1.10 44.00 OK
r-release-macos-x86_64 1.1.10 80.00 OK
r-release-windows-x86_64 1.1.10 26.00 135.00 161.00 OK
r-oldrel-macos-arm64 1.1.10 48.00 OK
r-oldrel-macos-x86_64 1.1.10 62.00 OK
r-oldrel-windows-ix86+x86_64 1.1.10 31.00 131.00 162.00 NOTE

Check Details

Version: 1.1.10
Check: Rd files
Result: NOTE
    checkRd: (-1) multiCUMSUM.Rd:33: Escaped LaTeX specials: \&
Flavors: r-devel-linux-x86_64-debian-clang, r-devel-linux-x86_64-debian-gcc, r-devel-linux-x86_64-fedora-clang, r-devel-linux-x86_64-fedora-gcc

Version: 1.1.10
Check: R code for possible problems
Result: NOTE
    Initiating curl with CURL_SSL_BACKEND: openssl
Flavor: r-oldrel-windows-ix86+x86_64