CRAN Package Check Results for Package statip

Last updated on 2022-01-24 22:56:43 CET.

Flavor Version Tinstall Tcheck Ttotal Status Flags
r-devel-linux-x86_64-debian-clang 0.2.3 3.79 36.63 40.42 NOTE
r-devel-linux-x86_64-debian-gcc 0.2.3 2.95 29.06 32.01 NOTE
r-devel-linux-x86_64-fedora-clang 0.2.3 50.95 NOTE
r-devel-linux-x86_64-fedora-gcc 0.2.3 39.93 NOTE
r-devel-windows-x86_64-new-UL 0.2.3 37.00 62.00 99.00 NOTE
r-devel-windows-x86_64-new-TK 0.2.3 NOTE
r-patched-linux-x86_64 0.2.3 3.99 35.52 39.51 NOTE
r-release-linux-x86_64 0.2.3 3.17 35.56 38.73 NOTE
r-release-macos-arm64 0.2.3 NOTE
r-release-macos-x86_64 0.2.3 NOTE
r-release-windows-ix86+x86_64 0.2.3 11.00 54.00 65.00 NOTE
r-oldrel-macos-x86_64 0.2.3 OK
r-oldrel-windows-ix86+x86_64 0.2.3 10.00 54.00 64.00 OK

Check Details

Version: 0.2.3
Check: LazyData
Result: NOTE
     'LazyData' is specified without a 'data' directory
Flavors: r-devel-linux-x86_64-debian-clang, r-devel-linux-x86_64-debian-gcc, r-devel-linux-x86_64-fedora-clang, r-devel-linux-x86_64-fedora-gcc, r-devel-windows-x86_64-new-UL, r-devel-windows-x86_64-new-TK, r-patched-linux-x86_64, r-release-linux-x86_64, r-release-macos-arm64, r-release-macos-x86_64, r-release-windows-ix86+x86_64

Version: 0.2.3
Check: Rd cross-references
Result: NOTE
    Undeclared package ‘distrEx’ in Rd xrefs
Flavor: r-devel-linux-x86_64-fedora-clang