CRAN Package Check Results for Package statsExpressions

Last updated on 2022-01-20 22:54:19 CET.

Flavor Version Tinstall Tcheck Ttotal Status Flags
r-devel-linux-x86_64-debian-clang 1.3.0 OK
r-devel-linux-x86_64-debian-gcc 1.3.0 4.86 283.55 288.41 OK
r-devel-linux-x86_64-fedora-clang 1.3.0 457.11 OK
r-devel-linux-x86_64-fedora-gcc 1.3.0 448.62 OK
r-devel-windows-x86_64-new-UL 1.3.0 294.00 407.00 701.00 OK
r-devel-windows-x86_64-new-TK 1.3.0 OK
r-patched-linux-x86_64 1.3.0 5.85 377.03 382.88 OK
r-release-linux-x86_64 1.3.0 6.17 368.71 374.88 OK
r-release-macos-arm64 1.3.0 OK
r-release-macos-x86_64 1.3.0 OK
r-release-windows-ix86+x86_64 1.3.0 23.00 339.00 362.00 OK
r-oldrel-macos-x86_64 1.2.0 OK
r-oldrel-windows-ix86+x86_64 1.2.0 15.00 268.00 283.00 ERROR

Check Details

Version: 1.2.0
Check: tests
Result: ERROR
     Running 'spelling.R' [0s]
     Running 'testthat.R' [179s]
    Running the tests in 'tests/testthat.R' failed.
    Complete output:
     > library(testthat)
     > library(dplyr)
    
     Attaching package: 'dplyr'
    
     The following object is masked from 'package:testthat':
    
     matches
    
     The following objects are masked from 'package:stats':
    
     filter, lag
    
     The following objects are masked from 'package:base':
    
     intersect, setdiff, setequal, union
    
     > library(statsExpressions)
     >
     > test_check("statsExpressions")
     Starting 2 test processes
     == Skipped tests ===============================================================
     * On CRAN (43)
    
     == Failed tests ================================================================
     -- Error (test-contingency_table.R:219:5): bayes factor (contingency tab) ------
     <dplyr:::mutate_error/dplyr_error/rlang_error/error/condition>
     Error: Problem with `mutate()` column `expression`.
     i `expression = list(...)`.
     x subscript out of bounds
     Backtrace:
     x
     1. +-statsExpressions::contingency_table(...)
     2. | \-`%>%`(...)
     3. +-statsExpressions:::polish_data(.)
     4. | +-dplyr::relocate(as_tibble(data), matches("^effectsize$"), .before = matches("^estimate$"))
     5. | \-tibble::as_tibble(data)
     6. +-dplyr::mutate(...)
     7. +-dplyr:::mutate.data.frame(...)
     8. | \-dplyr:::mutate_cols(.data, ..., caller_env = caller_env())
     9. | +-base::withCallingHandlers(...)
     10. | \-mask$eval_all_mutate(quo)
     11. +-statsExpressions::expr_template(...)
     12. | \-`%<-%`(...)
     13. | +-base::tryCatch(...)
     14. | | \-base:::tryCatchList(expr, classes, parentenv, handlers)
     15. | | +-base:::tryCatchOne(...)
     16. | | | \-base:::doTryCatch(return(expr), name, parentenv, handler)
     17. | | \-base:::tryCatchList(expr, names[-nh], parentenv, handlers[-nh])
     18. | | \-base:::tryCatchOne(expr, names, parentenv, handlers[[1L]])
     19. | | \-base:::doTryCatch(return(expr), name, parentenv, handler)
     20. | \-zeallot:::multi_assign(substitute(x), value, parent.frame())
     21. \-base::.handleSimpleError(...)
     22. \-dplyr:::h(simpleError(msg, call))
     -- Error (test-oneway_anova_bayes.R:10:5): bayes factor (between-subjects - anova) --
     Error in `seq.int(from, to)`: 'to' must be a finite number
     Backtrace:
     x
     1. +-statsExpressions::oneway_anova(...)
     2. | +-`%>%`(...)
     3. | \-statsExpressions:::polish_data(stats_df)
     4. | +-dplyr::relocate(as_tibble(data), matches("^effectsize$"), .before = matches("^estimate$"))
     5. | \-dplyr:::relocate.data.frame(...)
     6. | +-generics::setdiff(seq2(1, where - 1), to_move)
     7. | \-rlang::seq2(1, where - 1)
     8. \-dplyr::mutate(...)
     -- Error (test-oneway_anova_bayes.R:95:7): bayes factor (within-subjects - anova) --
     Error in `seq.int(from, to)`: 'to' must be a finite number
     Backtrace:
     x
     1. +-statsExpressions::oneway_anova(...)
     2. | +-`%>%`(...)
     3. | \-statsExpressions:::polish_data(stats_df)
     4. | +-dplyr::relocate(as_tibble(data), matches("^effectsize$"), .before = matches("^estimate$"))
     5. | \-dplyr:::relocate.data.frame(...)
     6. | +-generics::setdiff(seq2(1, where - 1), to_move)
     7. | \-rlang::seq2(1, where - 1)
     8. \-dplyr::mutate(...)
     -- Error (???): expr_anova works in loop ---------------------------------------
     Error in `seq.int(from, to)`: 'to' must be a finite number
     Backtrace:
     x
     1. +-base::print(...)
     2. +-statsExpressions::oneway_anova(...)
     3. | +-`%>%`(...)
     4. | \-statsExpressions:::polish_data(stats_df)
     5. | +-dplyr::relocate(as_tibble(data), matches("^effectsize$"), .before = matches("^estimate$"))
     6. | \-dplyr:::relocate.data.frame(...)
     7. | +-generics::setdiff(seq2(1, where - 1), to_move)
     8. | \-rlang::seq2(1, where - 1)
     9. \-dplyr::mutate(...)
    
     [ FAIL 4 | WARN 5 | SKIP 43 | PASS 38 ]
     Error: Test failures
     Execution halted
Flavor: r-oldrel-windows-ix86+x86_64