Last updated on 2022-08-18 23:01:02 CEST.
Flavor | Version | Tinstall | Tcheck | Ttotal | Status | Flags |
---|---|---|---|---|---|---|
r-devel-linux-x86_64-debian-clang | 1.0 | 1.81 | 24.13 | 25.94 | OK | |
r-devel-linux-x86_64-debian-gcc | 1.0 | 1.52 | 18.44 | 19.96 | OK | |
r-devel-linux-x86_64-fedora-clang | 1.0 | 42.22 | NOTE | |||
r-devel-linux-x86_64-fedora-gcc | 1.0 | 41.67 | NOTE | |||
r-devel-windows-x86_64 | 1.0 | 26.00 | 46.00 | 72.00 | OK | |
r-patched-linux-x86_64 | 1.0 | 1.39 | 23.07 | 24.46 | OK | |
r-release-linux-x86_64 | 1.0 | OK | ||||
r-release-macos-arm64 | 1.0 | 14.00 | NOTE | |||
r-release-macos-x86_64 | 1.0 | 23.00 | NOTE | |||
r-release-windows-x86_64 | 1.0 | 12.00 | 48.00 | 60.00 | OK | |
r-oldrel-macos-arm64 | 1.0 | 22.00 | NOTE | |||
r-oldrel-macos-x86_64 | 1.0 | 26.00 | NOTE | |||
r-oldrel-windows-ix86+x86_64 | 1.0 | 5.00 | 47.00 | 52.00 | OK |
Version: 1.0
Check: dependencies in R code
Result: NOTE
Namespace in Imports field not imported from: ‘sna’
All declared Imports should be used.
Flavors: r-devel-linux-x86_64-fedora-clang, r-devel-linux-x86_64-fedora-gcc, r-release-macos-arm64, r-release-macos-x86_64, r-oldrel-macos-arm64, r-oldrel-macos-x86_64