Last updated on 2023-09-20 21:53:04 CEST.
Flavor | Version | Tinstall | Tcheck | Ttotal | Status | Flags |
---|---|---|---|---|---|---|
r-devel-linux-x86_64-debian-clang | 1.5.0 | 4.15 | 65.12 | 69.27 | OK | |
r-devel-linux-x86_64-debian-gcc | 1.5.0 | 4.43 | 49.08 | 53.51 | OK | |
r-devel-linux-x86_64-fedora-clang | 1.5.0 | 89.35 | NOTE | |||
r-devel-linux-x86_64-fedora-gcc | 1.5.0 | 97.59 | OK | |||
r-devel-windows-x86_64 | 1.5.0 | 7.00 | 78.00 | 85.00 | OK | |
r-patched-linux-x86_64 | 1.5.0 | 10.37 | 62.33 | 72.70 | OK | |
r-release-linux-x86_64 | 1.5.0 | 5.17 | 62.10 | 67.27 | OK | |
r-release-macos-arm64 | 1.5.0 | 36.00 | OK | |||
r-release-macos-x86_64 | 1.5.0 | 50.00 | OK | |||
r-release-windows-x86_64 | 1.5.0 | 8.00 | 87.00 | 95.00 | OK | |
r-oldrel-macos-arm64 | 1.5.0 | 27.00 | OK | |||
r-oldrel-macos-x86_64 | 1.5.0 | 40.00 | OK | |||
r-oldrel-windows-x86_64 | 1.5.0 | 9.00 | 86.00 | 95.00 | OK |
Version: 1.5.0
Check: Rd cross-references
Result: NOTE
Undeclared package ‘dplyr’ in Rd xrefs
Flavor: r-devel-linux-x86_64-fedora-clang