CRAN Package Check Results for Package stringr

Last updated on 2022-12-06 23:52:37 CET.

Flavor Version Tinstall Tcheck Ttotal Status Flags
r-devel-linux-x86_64-debian-clang 1.5.0 6.33 65.57 71.90 OK
r-devel-linux-x86_64-debian-gcc 1.5.0 3.98 49.07 53.05 OK
r-devel-linux-x86_64-fedora-clang 1.5.0 98.18 NOTE
r-devel-linux-x86_64-fedora-gcc 1.5.0 105.81 OK
r-devel-windows-x86_64 1.5.0 61.00 105.00 166.00 OK
r-patched-linux-x86_64 1.5.0 8.03 59.76 67.79 OK
r-release-linux-x86_64 1.5.0 4.44 57.08 61.52 OK
r-release-macos-arm64 1.5.0 27.00 OK
r-release-macos-x86_64 1.5.0 40.00 OK
r-release-windows-x86_64 1.5.0 39.00 93.00 132.00 OK
r-oldrel-macos-arm64 1.5.0 32.00 OK
r-oldrel-macos-x86_64 1.5.0 48.00 OK
r-oldrel-windows-ix86+x86_64 1.5.0 14.00 85.00 99.00 OK

Check Details

Version: 1.5.0
Check: Rd cross-references
Result: NOTE
    Undeclared package ‘dplyr’ in Rd xrefs
Flavor: r-devel-linux-x86_64-fedora-clang