CRAN Package Check Results for Package stubthat

Last updated on 2022-01-24 22:56:43 CET.

Flavor Version Tinstall Tcheck Ttotal Status Flags
r-devel-linux-x86_64-debian-clang 1.2.1 2.08 39.94 42.02 NOTE
r-devel-linux-x86_64-debian-gcc 1.2.1 1.45 31.28 32.73 NOTE
r-devel-linux-x86_64-fedora-clang 1.2.1 53.60 NOTE
r-devel-linux-x86_64-fedora-gcc 1.2.1 42.06 NOTE
r-devel-windows-x86_64-new-UL 1.2.1 13.00 70.00 83.00 NOTE
r-devel-windows-x86_64-new-TK 1.2.1 NOTE
r-patched-linux-x86_64 1.2.1 2.24 38.34 40.58 NOTE
r-release-linux-x86_64 1.2.1 2.49 38.97 41.46 NOTE
r-release-macos-arm64 1.2.1 NOTE
r-release-macos-x86_64 1.2.1 NOTE
r-release-windows-ix86+x86_64 1.2.1 6.00 49.00 55.00 NOTE
r-oldrel-macos-x86_64 1.2.1 OK
r-oldrel-windows-ix86+x86_64 1.2.1 6.00 50.00 56.00 OK

Check Details

Version: 1.2.1
Check: LazyData
Result: NOTE
     'LazyData' is specified without a 'data' directory
Flavors: r-devel-linux-x86_64-debian-clang, r-devel-linux-x86_64-debian-gcc, r-devel-linux-x86_64-fedora-clang, r-devel-linux-x86_64-fedora-gcc, r-devel-windows-x86_64-new-UL, r-devel-windows-x86_64-new-TK, r-patched-linux-x86_64, r-release-linux-x86_64, r-release-macos-arm64, r-release-macos-x86_64, r-release-windows-ix86+x86_64