CRAN Package Check Results for Package subscreen

Last updated on 2024-02-20 23:54:09 CET.

Flavor Version Tinstall Tcheck Ttotal Status Flags
r-devel-linux-x86_64-debian-clang 3.0.7 OK
r-devel-linux-x86_64-debian-gcc 3.0.7 7.70 66.53 74.23 OK
r-devel-linux-x86_64-fedora-clang 3.0.7 119.10 NOTE
r-devel-linux-x86_64-fedora-gcc 3.0.7 125.93 NOTE
r-devel-windows-x86_64 3.0.7 10.00 80.00 90.00 OK
r-patched-linux-x86_64 3.0.7 7.86 85.10 92.96 OK
r-release-linux-x86_64 3.0.7 6.69 83.86 90.55 OK
r-release-macos-arm64 3.0.7 46.00 OK
r-release-macos-x86_64 3.0.7 74.00 OK
r-release-windows-x86_64 3.0.7 13.00 95.00 108.00 OK
r-oldrel-macos-arm64 3.0.7 40.00 NOTE
r-oldrel-windows-x86_64 3.0.7 13.00 97.00 110.00 OK

Check Details

Version: 3.0.7
Check: dependencies in R code
Result: NOTE Namespaces in Imports field not imported from: ‘DT’ ‘bsplus’ ‘colourpicker’ ‘grDevices’ ‘graphics’ ‘jsonlite’ ‘purrr’ ‘shinyjs’ All declared Imports should be used. Flavors: r-devel-linux-x86_64-fedora-clang, r-devel-linux-x86_64-fedora-gcc, r-oldrel-macos-arm64