CRAN Package Check Results for Package suddengains

Last updated on 2022-01-18 22:47:40 CET.

Flavor Version Tinstall Tcheck Ttotal Status Flags
r-devel-linux-x86_64-debian-clang 0.4.4 7.02 130.71 137.73 OK
r-devel-linux-x86_64-debian-gcc 0.4.4 6.23 95.03 101.26 OK
r-devel-linux-x86_64-fedora-clang 0.4.4 160.24 OK
r-devel-linux-x86_64-fedora-gcc 0.4.4 148.07 OK
r-devel-windows-x86_64-new-UL 0.4.4 79.00 153.00 232.00 OK
r-devel-windows-x86_64-new-TK 0.4.4 OK
r-patched-linux-x86_64 0.4.4 6.89 122.19 129.08 OK
r-release-linux-x86_64 0.4.4 OK
r-release-macos-arm64 0.4.4 OK
r-release-macos-x86_64 0.4.4 WARN
r-release-windows-ix86+x86_64 0.4.4 18.00 148.00 166.00 OK
r-oldrel-macos-x86_64 0.4.4 WARN
r-oldrel-windows-ix86+x86_64 0.4.4 17.00 160.00 177.00 OK

Check Details

Version: 0.4.4
Check: re-building of vignette outputs
Result: WARN
    Error(s) in re-building vignettes:
     ...
    --- re-building ‘shinygains.Rmd’ using rmarkdown
    Warning in engine$weave(file, quiet = quiet, encoding = enc) :
     Pandoc (>= 1.12.3) not available. Falling back to R Markdown v1.
    --- finished re-building ‘shinygains.Rmd’
    
    --- re-building ‘suddengains-tutorial.Rmd’ using rmarkdown
    Warning in engine$weave(file, quiet = quiet, encoding = enc) :
     Pandoc (>= 1.12.3) not available. Falling back to R Markdown v1.
    Quitting from lines 472-479 (suddengains-tutorial.Rmd)
    Error: processing vignette 'suddengains-tutorial.Rmd' failed with diagnostics:
    invalid 'path' argument
    --- failed re-building ‘suddengains-tutorial.Rmd’
    
    SUMMARY: processing the following file failed:
     ‘suddengains-tutorial.Rmd’
    
    Error: Vignette re-building failed.
    Execution halted
Flavor: r-release-macos-x86_64

Version: 0.4.4
Check: re-building of vignette outputs
Result: WARN
    Error(s) in re-building vignettes:
     ...
    --- re-building ‘shinygains.Rmd’ using rmarkdown
    Warning in engine$weave(file, quiet = quiet, encoding = enc) :
     Pandoc (>= 1.12.3) and/or pandoc-citeproc not available. Falling back to R Markdown v1.
    --- finished re-building ‘shinygains.Rmd’
    
    --- re-building ‘suddengains-tutorial.Rmd’ using rmarkdown
    Warning in engine$weave(file, quiet = quiet, encoding = enc) :
     Pandoc (>= 1.12.3) and/or pandoc-citeproc not available. Falling back to R Markdown v1.
    Quitting from lines 472-479 (suddengains-tutorial.Rmd)
    Error: processing vignette 'suddengains-tutorial.Rmd' failed with diagnostics:
    cannot open the connection
    --- failed re-building ‘suddengains-tutorial.Rmd’
    
    SUMMARY: processing the following file failed:
     ‘suddengains-tutorial.Rmd’
    
    Error: Vignette re-building failed.
    Execution halted
Flavor: r-oldrel-macos-x86_64