CRAN Package Check Results for Package sugrrants

Last updated on 2024-02-26 23:03:54 CET.

Flavor Version Tinstall Tcheck Ttotal Status Flags
r-devel-linux-x86_64-debian-clang 0.2.8 9.54 88.25 97.79 OK
r-devel-linux-x86_64-debian-gcc 0.2.8 7.74 57.61 65.35 ERROR
r-devel-linux-x86_64-fedora-clang 0.2.8 108.25 ERROR
r-devel-linux-x86_64-fedora-gcc 0.2.8 123.52 ERROR
r-devel-windows-x86_64 0.2.8 9.00 82.00 91.00 OK
r-patched-linux-x86_64 0.2.8 8.47 85.39 93.86 OK
r-release-linux-x86_64 0.2.8 10.14 84.79 94.93 OK
r-release-macos-arm64 0.2.8 46.00 OK
r-release-macos-x86_64 0.2.8 75.00 OK
r-release-windows-x86_64 0.2.8 13.00 99.00 112.00 OK
r-oldrel-macos-arm64 0.2.8 39.00 OK
r-oldrel-windows-x86_64 0.2.8 13.00 103.00 116.00 OK

Check Details

Version: 0.2.8
Check: examples
Result: ERROR Running examples in ‘sugrrants-Ex.R’ failed The error most likely occurred in: > base::assign(".ptime", proc.time(), pos = "CheckExEnv") > ### Name: frame_calendar > ### Title: Rearrange a temporal data frame to a calendar-based data format > ### using linear algebra > ### Aliases: frame_calendar prettify > > ### ** Examples > > library(dplyr, warn.conflicts = FALSE) > # compute the calendar layout for the data frame > calendar_df <- hourly_peds %>% + filter(Sensor_ID == 13, Year == 2016) %>% + frame_calendar(x = Time, y = Hourly_Counts, date = Date, nrow = 4) > > # ggplot > p1 <- calendar_df %>% + ggplot(aes(x = .Time, y = .Hourly_Counts, group = Date)) + + geom_line() > prettify(p1, size = 3, label.padding = unit(0.15, "lines")) Error in "label" %in% label_arg : getting UseMethod variable 'label_arg' from generic 'prettify'; this is no longer supported Calls: prettify -> prettify.ggplot -> %in% Execution halted Flavor: r-devel-linux-x86_64-debian-gcc

Version: 0.2.8
Check: re-building of vignette outputs
Result: ERROR Error(s) in re-building vignettes: ... --- re-building ‘frame-calendar.Rmd’ using rmarkdown Quitting from lines 61-62 [centre-more] (frame-calendar.Rmd) Error: processing vignette 'frame-calendar.Rmd' failed with diagnostics: getting UseMethod variable 'label_arg' from generic 'prettify'; this is no longer supported --- failed re-building ‘frame-calendar.Rmd’ SUMMARY: processing the following file failed: ‘frame-calendar.Rmd’ Error: Vignette re-building failed. Execution halted Flavor: r-devel-linux-x86_64-debian-gcc

Version: 0.2.8
Check: examples
Result: ERROR Running examples in ‘sugrrants-Ex.R’ failed The error most likely occurred in: > ### Name: frame_calendar > ### Title: Rearrange a temporal data frame to a calendar-based data format > ### using linear algebra > ### Aliases: frame_calendar prettify > > ### ** Examples > > library(dplyr, warn.conflicts = FALSE) > # compute the calendar layout for the data frame > calendar_df <- hourly_peds %>% + filter(Sensor_ID == 13, Year == 2016) %>% + frame_calendar(x = Time, y = Hourly_Counts, date = Date, nrow = 4) > > # ggplot > p1 <- calendar_df %>% + ggplot(aes(x = .Time, y = .Hourly_Counts, group = Date)) + + geom_line() > prettify(p1, size = 3, label.padding = unit(0.15, "lines")) Error in "label" %in% label_arg : getting UseMethod variable 'label_arg' from generic 'prettify'; this is no longer supported Calls: prettify -> prettify.ggplot -> %in% Execution halted Flavors: r-devel-linux-x86_64-fedora-clang, r-devel-linux-x86_64-fedora-gcc

Version: 0.2.8
Check: re-building of vignette outputs
Result: ERROR Error(s) in re-building vignettes: --- re-building ‘frame-calendar.Rmd’ using rmarkdown Quitting from lines 61-62 [centre-more] (frame-calendar.Rmd) Error: processing vignette 'frame-calendar.Rmd' failed with diagnostics: getting UseMethod variable 'label_arg' from generic 'prettify'; this is no longer supported --- failed re-building ‘frame-calendar.Rmd’ SUMMARY: processing the following file failed: ‘frame-calendar.Rmd’ Error: Vignette re-building failed. Execution halted Flavors: r-devel-linux-x86_64-fedora-clang, r-devel-linux-x86_64-fedora-gcc