CRAN Package Check Results for Package summarytools

Last updated on 2021-12-06 21:51:30 CET.

Flavor Version Tinstall Tcheck Ttotal Status Flags
r-devel-linux-x86_64-debian-clang 1.0.0 18.80 127.78 146.58 OK
r-devel-linux-x86_64-debian-gcc 1.0.0 15.95 95.20 111.15 OK
r-devel-linux-x86_64-fedora-clang 1.0.0 183.76 NOTE
r-devel-linux-x86_64-fedora-gcc 1.0.0 170.74 NOTE
r-devel-windows-x86_64-new-UL 1.0.0 32.00 165.00 197.00 OK
r-devel-windows-x86_64-new-TK 1.0.0 NOTE
r-devel-windows-x86_64-old 1.0.0 24.00 99.00 123.00 OK
r-patched-linux-x86_64 1.0.0 20.76 116.97 137.73 OK
r-release-linux-x86_64 1.0.0 19.79 124.81 144.60 OK
r-release-macos-arm64 1.0.0 NOTE
r-release-macos-x86_64 1.0.0 NOTE
r-release-windows-ix86+x86_64 1.0.0 30.00 138.00 168.00 OK
r-oldrel-macos-x86_64 1.0.0 NOTE
r-oldrel-windows-ix86+x86_64 1.0.0 31.00 132.00 163.00 OK

Check Details

Version: 1.0.0
Check: data for non-ASCII characters
Result: NOTE
     Note: found 78 marked UTF-8 strings
Flavors: r-devel-linux-x86_64-fedora-clang, r-devel-linux-x86_64-fedora-gcc, r-devel-windows-x86_64-new-TK, r-release-macos-arm64, r-release-macos-x86_64, r-oldrel-macos-x86_64