CRAN Package Check Results for Package sundialr

Last updated on 2021-12-02 22:56:09 CET.

Flavor Version Tinstall Tcheck Ttotal Status Flags
r-devel-linux-x86_64-debian-clang 0.1.4.1 88.37 42.50 130.87 OK
r-devel-linux-x86_64-debian-gcc 0.1.4.1 56.95 31.41 88.36 OK
r-devel-linux-x86_64-fedora-clang 0.1.4.1 199.68 NOTE
r-devel-linux-x86_64-fedora-gcc 0.1.4.1 164.00 OK
r-devel-windows-x86_64-new-UL 0.1.4.1 125.00 123.00 248.00 OK
r-devel-windows-x86_64-new-TK 0.1.4.1 OK
r-devel-windows-x86_64-old 0.1.4.1 109.00 62.00 171.00 OK
r-patched-linux-x86_64 0.1.4.1 67.55 39.35 106.90 OK
r-patched-solaris-x86 0.1.4.1 170.40 OK
r-release-linux-x86_64 0.1.4.1 69.91 38.73 108.64 OK
r-release-macos-arm64 0.1.4.1 NOTE
r-release-macos-x86_64 0.1.4.1 NOTE
r-release-windows-ix86+x86_64 0.1.4.1 216.00 108.00 324.00 OK
r-oldrel-macos-x86_64 0.1.4.1 NOTE
r-oldrel-windows-ix86+x86_64 0.1.4.1 211.00 101.00 312.00 OK

Check Details

Version: 0.1.4.1
Check: installed package size
Result: NOTE
     installed size is 6.3Mb
     sub-directories of 1Mb or more:
     libs 3.1Mb
Flavors: r-devel-linux-x86_64-fedora-clang, r-release-macos-arm64, r-release-macos-x86_64, r-oldrel-macos-x86_64