CRAN Package Check Results for Package sureLDA

Last updated on 2022-01-22 22:52:27 CET.

Flavor Version Tinstall Tcheck Ttotal Status Flags
r-devel-linux-x86_64-debian-clang 0.1.0-1 31.84 303.75 335.59 OK
r-devel-linux-x86_64-debian-gcc 0.1.0-1 24.92 193.03 217.95 OK
r-devel-linux-x86_64-fedora-clang 0.1.0-1 401.22 NOTE
r-devel-linux-x86_64-fedora-gcc 0.1.0-1 386.56 NOTE
r-devel-windows-x86_64-new-UL 0.1.0-1 43.00 389.00 432.00 OK
r-devel-windows-x86_64-new-TK 0.1.0-1 NOTE
r-patched-linux-x86_64 0.1.0-1 27.23 282.22 309.45 OK
r-release-linux-x86_64 0.1.0-1 30.11 284.77 314.88 OK
r-release-macos-arm64 0.1.0-1 NOTE
r-release-macos-x86_64 0.1.0-1 NOTE
r-release-windows-ix86+x86_64 0.1.0-1 88.00 414.00 502.00 OK
r-oldrel-macos-x86_64 0.1.0-1 NOTE
r-oldrel-windows-ix86+x86_64 0.1.0-1 93.00 406.00 499.00 OK

Check Details

Version: 0.1.0-1
Check: dependencies in R code
Result: NOTE
    Namespaces in Imports field not imported from:
     ‘doParallel’ ‘pROC’
     All declared Imports should be used.
Flavors: r-devel-linux-x86_64-fedora-clang, r-devel-linux-x86_64-fedora-gcc, r-devel-windows-x86_64-new-TK, r-release-macos-arm64, r-release-macos-x86_64, r-oldrel-macos-x86_64