CRAN Package Check Results for Package survivalMPLdc

Last updated on 2024-02-21 23:11:43 CET.

Flavor Version Tinstall Tcheck Ttotal Status Flags
r-devel-linux-x86_64-debian-clang 0.1.1 NOTE
r-devel-linux-x86_64-debian-gcc 0.1.1 13.23 791.58 804.81 NOTE
r-devel-linux-x86_64-fedora-clang 0.1.1 1316.31 OK
r-devel-linux-x86_64-fedora-gcc 0.1.1 1365.14 OK
r-devel-windows-x86_64 0.1.1 14.00 1319.00 1333.00 OK
r-patched-linux-x86_64 0.1.1 13.57 1042.31 1055.88 OK
r-release-linux-x86_64 0.1.1 17.05 1087.33 1104.38 OK
r-release-macos-arm64 0.1.1 543.00 OK
r-release-macos-x86_64 0.1.1 835.00 OK
r-release-windows-x86_64 0.1.1 18.00 1193.00 1211.00 OK
r-oldrel-macos-arm64 0.1.1 448.00 OK
r-oldrel-windows-x86_64 0.1.1 20.00 1214.00 1234.00 OK

Check Details

Version: 0.1.1
Check: Rd files
Result: NOTE checkRd: (-1) coxph_mpl_dc.Rd:24: Lost braces; missing escapes or markup? 24 | \item{mpl_h0t}{MPL estimates of the baseline hazard for T, i.e. h_{0T}(x_i)} | ^ checkRd: (-1) coxph_mpl_dc.Rd:25: Lost braces; missing escapes or markup? 25 | \item{mpl_h0c}{MPL estimates of the baseline hazard for C, i.e. h_{0C}(x_i)} | ^ checkRd: (-1) coxph_mpl_dc.Rd:26: Lost braces; missing escapes or markup? 26 | \item{mpl_H0t}{MPL estimates of the baseline cumulative hazard for T, i.e. H_{0T}(x_i)} | ^ checkRd: (-1) coxph_mpl_dc.Rd:27: Lost braces; missing escapes or markup? 27 | \item{mpl_H0c}{MPL estimates of the baseline cumulative hazard for C, i.e. H_{0c}(x_i)} | ^ checkRd: (-1) coxph_mpl_dc.Rd:28: Lost braces; missing escapes or markup? 28 | \item{mpl_S0t}{MPL estimates of the baseline survival for T, i.e. S_{0T}(x_i)} | ^ checkRd: (-1) coxph_mpl_dc.Rd:29: Lost braces; missing escapes or markup? 29 | \item{mpl_S0c}{MPL estimates of the baseline survival for C, i.e. S_{0C}(x_i)} | ^ Flavors: r-devel-linux-x86_64-debian-clang, r-devel-linux-x86_64-debian-gcc