Last updated on 2022-05-20 22:53:24 CEST.
Flavor | Version | Tinstall | Tcheck | Ttotal | Status | Flags |
---|---|---|---|---|---|---|
r-devel-linux-x86_64-debian-clang | 1.0.3 | 2.24 | 32.00 | 34.24 | NOTE | |
r-devel-linux-x86_64-debian-gcc | 1.0.3 | 2.13 | 24.85 | 26.98 | NOTE | |
r-devel-linux-x86_64-fedora-clang | 1.0.3 | 42.53 | NOTE | |||
r-devel-linux-x86_64-fedora-gcc | 1.0.3 | 41.85 | NOTE | |||
r-devel-windows-x86_64 | 1.0.3 | 21.00 | 47.00 | 68.00 | NOTE | |
r-patched-linux-x86_64 | 1.0.3 | 2.54 | 31.22 | 33.76 | NOTE | |
r-release-linux-x86_64 | 1.0.3 | 2.39 | 31.74 | 34.13 | NOTE | |
r-release-macos-arm64 | 1.0.3 | 16.00 | NOTE | |||
r-release-macos-x86_64 | 1.0.3 | 22.00 | NOTE | |||
r-release-windows-x86_64 | 1.0.3 | 9.00 | 47.00 | 56.00 | NOTE | |
r-oldrel-macos-arm64 | 1.0.3 | 20.00 | NOTE | |||
r-oldrel-macos-x86_64 | 1.0.3 | 27.00 | NOTE | |||
r-oldrel-windows-ix86+x86_64 | 1.0.3 | 9.00 | 31.00 | 40.00 | NOTE |
Version: 1.0.3
Check: DESCRIPTION meta-information
Result: NOTE
Malformed Description field: should contain one or more complete sentences.
Flavors: r-devel-linux-x86_64-debian-clang, r-devel-linux-x86_64-debian-gcc, r-devel-linux-x86_64-fedora-clang, r-devel-linux-x86_64-fedora-gcc, r-devel-windows-x86_64, r-patched-linux-x86_64, r-release-linux-x86_64, r-release-macos-arm64, r-release-macos-x86_64, r-release-windows-x86_64, r-oldrel-macos-arm64, r-oldrel-macos-x86_64, r-oldrel-windows-ix86+x86_64
Version: 1.0.3
Check: compiled code
Result: NOTE
File ‘survivalROC/libs/survivalROC.so’:
Found no calls to: ‘R_registerRoutines’, ‘R_useDynamicSymbols’
It is good practice to register native routines and to disable symbol
search.
See ‘Writing portable packages’ in the ‘Writing R Extensions’ manual.
Flavors: r-devel-linux-x86_64-fedora-clang, r-devel-linux-x86_64-fedora-gcc