CRAN Package Check Results for Package survivalsvm

Last updated on 2022-01-28 23:00:53 CET.

Flavor Version Tinstall Tcheck Ttotal Status Flags
r-devel-linux-x86_64-debian-clang 0.0.5 9.03 91.05 100.08 OK
r-devel-linux-x86_64-debian-gcc 0.0.5 8.02 68.40 76.42 OK
r-devel-linux-x86_64-fedora-clang 0.0.5 115.98 NOTE
r-devel-linux-x86_64-fedora-gcc 0.0.5 108.22 NOTE
r-devel-windows-x86_64-new-UL 0.0.5 308.00 110.00 418.00 OK
r-devel-windows-x86_64-new-TK 0.0.5 NOTE
r-patched-linux-x86_64 0.0.5 16.74 85.17 101.91 OK
r-release-linux-x86_64 0.0.5 6.03 83.20 89.23 OK
r-release-macos-arm64 0.0.5 NOTE
r-release-macos-x86_64 0.0.5 NOTE
r-release-windows-ix86+x86_64 0.0.5 21.00 98.00 119.00 OK
r-oldrel-macos-x86_64 0.0.5 NOTE
r-oldrel-windows-ix86+x86_64 0.0.5 21.00 98.00 119.00 OK

Check Details

Version: 0.0.5
Check: dependencies in R code
Result: NOTE
    Namespace in Imports field not imported from: ‘quadprog’
     All declared Imports should be used.
Flavors: r-devel-linux-x86_64-fedora-clang, r-devel-linux-x86_64-fedora-gcc, r-devel-windows-x86_64-new-TK, r-release-macos-arm64, r-release-macos-x86_64, r-oldrel-macos-x86_64