Last updated on 2022-05-20 22:53:24 CEST.
Flavor | Version | Tinstall | Tcheck | Ttotal | Status | Flags |
---|---|---|---|---|---|---|
r-devel-linux-x86_64-debian-clang | 1.0 | 6.19 | 75.13 | 81.32 | OK | |
r-devel-linux-x86_64-debian-gcc | 1.0 | 4.82 | 55.91 | 60.73 | OK | |
r-devel-linux-x86_64-fedora-clang | 1.0 | 97.14 | NOTE | |||
r-devel-linux-x86_64-fedora-gcc | 1.0 | 69.44 | NOTE | |||
r-devel-windows-x86_64 | 1.0 | 24.00 | 88.00 | 112.00 | OK | |
r-patched-linux-x86_64 | 1.0 | 5.17 | 69.81 | 74.98 | OK | |
r-release-linux-x86_64 | 1.0 | 4.76 | 68.87 | 73.63 | OK | |
r-release-macos-arm64 | 1.0 | 31.00 | NOTE | |||
r-release-macos-x86_64 | 1.0 | 43.00 | NOTE | |||
r-release-windows-x86_64 | 1.0 | 24.00 | 94.00 | 118.00 | OK | |
r-oldrel-macos-arm64 | 1.0 | 29.00 | NOTE | |||
r-oldrel-macos-x86_64 | 1.0 | 41.00 | NOTE | |||
r-oldrel-windows-ix86+x86_64 | 1.0 | 17.00 | 86.00 | 103.00 | OK |
Version: 1.0
Check: data for non-ASCII characters
Result: NOTE
Note: found 21 marked UTF-8 strings
Flavors: r-devel-linux-x86_64-fedora-clang, r-devel-linux-x86_64-fedora-gcc, r-release-macos-arm64, r-release-macos-x86_64, r-oldrel-macos-arm64, r-oldrel-macos-x86_64