CRAN Package Check Results for Package swCRTdesign

Last updated on 2022-05-17 22:51:40 CEST.

Flavor Version Tinstall Tcheck Ttotal Status Flags
r-devel-linux-x86_64-debian-clang 3.1 3.11 36.55 39.66 NOTE
r-devel-linux-x86_64-debian-gcc 3.1 2.60 28.04 30.64 NOTE
r-devel-linux-x86_64-fedora-clang 3.1 48.91 NOTE
r-devel-linux-x86_64-fedora-gcc 3.1 47.21 NOTE
r-devel-windows-x86_64 3.1 25.00 49.00 74.00 NOTE
r-patched-linux-x86_64 3.1 3.06 35.25 38.31 OK
r-release-linux-x86_64 3.1 3.19 34.90 38.09 OK
r-release-macos-arm64 3.1 17.00 OK
r-release-macos-x86_64 3.1 21.00 OK
r-release-windows-x86_64 3.1 8.00 50.00 58.00 OK
r-oldrel-macos-arm64 3.1 18.00 OK
r-oldrel-macos-x86_64 3.1 25.00 OK
r-oldrel-windows-ix86+x86_64 3.1 8.00 29.00 37.00 OK

Check Details

Version: 3.1
Check: Rd files
Result: NOTE
    checkRd: (7) swPwr.Rd:86-88: \item in \value must have non-empty label
Flavors: r-devel-linux-x86_64-debian-clang, r-devel-linux-x86_64-debian-gcc, r-devel-linux-x86_64-fedora-clang, r-devel-linux-x86_64-fedora-gcc, r-devel-windows-x86_64

Version: 3.1
Check: HTML version of manual
Result: NOTE
    Found the following problems:
    swPwr.Rd:172:38: Warning: trimming empty <code>
Flavors: r-devel-linux-x86_64-debian-clang, r-devel-linux-x86_64-debian-gcc