CRAN Package Check Results for Package swdft

Last updated on 2022-01-25 22:57:12 CET.

Flavor Version Tinstall Tcheck Ttotal Status Flags
r-devel-linux-x86_64-debian-clang 1.0.0 3.37 229.50 232.87 NOTE
r-devel-linux-x86_64-debian-gcc 1.0.0 2.57 164.00 166.57 NOTE
r-devel-linux-x86_64-fedora-clang 1.0.0 282.74 NOTE
r-devel-linux-x86_64-fedora-gcc 1.0.0 267.39 NOTE
r-devel-windows-x86_64-new-UL 1.0.0 47.00 253.00 300.00 NOTE
r-devel-windows-x86_64-new-TK 1.0.0 ERROR
r-patched-linux-x86_64 1.0.0 3.45 222.33 225.78 NOTE
r-release-linux-x86_64 1.0.0 3.30 221.16 224.46 NOTE
r-release-macos-arm64 1.0.0 NOTE
r-release-macos-x86_64 1.0.0 NOTE
r-release-windows-ix86+x86_64 1.0.0 7.00 260.00 267.00 NOTE
r-oldrel-macos-x86_64 1.0.0 OK
r-oldrel-windows-ix86+x86_64 1.0.0 7.00 269.00 276.00 OK

Check Details

Version: 1.0.0
Check: LazyData
Result: NOTE
     'LazyData' is specified without a 'data' directory
Flavors: r-devel-linux-x86_64-debian-clang, r-devel-linux-x86_64-debian-gcc, r-devel-linux-x86_64-fedora-clang, r-devel-linux-x86_64-fedora-gcc, r-devel-windows-x86_64-new-UL, r-devel-windows-x86_64-new-TK, r-patched-linux-x86_64, r-release-linux-x86_64, r-release-macos-arm64, r-release-macos-x86_64, r-release-windows-ix86+x86_64

Version: 1.0.0
Check: package dependencies
Result: NOTE
    Package suggested but not available for checking: 'nloptr'
Flavor: r-devel-windows-x86_64-new-TK

Version: 1.0.0
Check: tests
Result: ERROR
     Running 'testthat.R'
    Running the tests in 'tests/testthat.R' failed.
    Complete output:
     > library(testthat)
     > library(swdft)
     >
     > test_check("swdft")
     [ FAIL 1 | WARN 0 | SKIP 0 | PASS 31 ]
    
     ══ Failed tests ════════════════════════════════════════════════════════════════
     ── Error (test-cosreg.R:34:3): Local cosine regression works for noiseless signal ──
     <packageNotFoundError/error/condition>
     Error in `loadNamespace(x)`: there is no package called 'nloptr'
     Backtrace:
     █
     1. ├─swdft::local_cosreg(x = x) test-cosreg.R:34:2
     2. └─base::loadNamespace(x)
     3. └─base::withRestarts(stop(cond), retry_loadNamespace = function() NULL)
     4. └─base:::withOneRestart(expr, restarts[[1L]])
     5. └─base:::doWithOneRestart(return(expr), restart)
    
     [ FAIL 1 | WARN 0 | SKIP 0 | PASS 31 ]
     Error: Test failures
     Execution halted
Flavor: r-devel-windows-x86_64-new-TK

Version: 1.0.0
Check: re-building of vignette outputs
Result: WARN
    Error(s) in re-building vignettes:
    --- re-building 'swdft-intro.Rmd' using rmarkdown
    Quitting from lines 303-306 (swdft-intro.Rmd)
    Error: processing vignette 'swdft-intro.Rmd' failed with diagnostics:
    there is no package called 'nloptr'
    --- failed re-building 'swdft-intro.Rmd'
    
    SUMMARY: processing the following file failed:
     'swdft-intro.Rmd'
    
    Error: Vignette re-building failed.
    Execution halted
Flavor: r-devel-windows-x86_64-new-TK