CRAN Package Check Results for Package switchnpreg

Last updated on 2021-11-26 23:03:42 CET.

Flavor Version Tinstall Tcheck Ttotal Status Flags
r-devel-linux-x86_64-debian-clang 0.8-0 8.50 72.61 81.11 NOTE
r-devel-linux-x86_64-debian-gcc 0.8-0 7.74 57.00 64.74 NOTE
r-devel-linux-x86_64-fedora-clang 0.8-0 109.07 NOTE
r-devel-linux-x86_64-fedora-gcc 0.8-0 98.28 NOTE
r-devel-windows-x86_64-new-UL 0.8-0 16.00 105.00 121.00 NOTE
r-devel-windows-x86_64-new-TK 0.8-0 NOTE
r-devel-windows-x86_64-old 0.8-0 12.00 99.00 111.00 NOTE
r-patched-linux-x86_64 0.8-0 8.69 70.63 79.32 NOTE
r-patched-solaris-x86 0.8-0 153.40 NOTE
r-release-linux-x86_64 0.8-0 NOTE
r-release-macos-arm64 0.8-0 NOTE
r-release-macos-x86_64 0.8-0 NOTE
r-release-windows-ix86+x86_64 0.8-0 20.00 71.00 91.00 NOTE
r-oldrel-macos-x86_64 0.8-0 NOTE
r-oldrel-windows-ix86+x86_64 0.8-0 21.00 95.00 116.00 NOTE

Check Details

Version: 0.8-0
Check: dependencies in R code
Result: NOTE
    Packages in Depends field not imported from:
     'MASS' 'fda' 'splines'
     These packages need to be imported from (in the NAMESPACE file)
     for when this namespace is loaded but not attached.
Flavors: r-devel-linux-x86_64-debian-clang, r-devel-linux-x86_64-debian-gcc, r-devel-linux-x86_64-fedora-clang, r-devel-linux-x86_64-fedora-gcc, r-devel-windows-x86_64-new-UL, r-devel-windows-x86_64-new-TK, r-devel-windows-x86_64-old, r-patched-linux-x86_64, r-patched-solaris-x86, r-release-linux-x86_64, r-release-macos-arm64, r-release-macos-x86_64, r-release-windows-ix86+x86_64, r-oldrel-macos-x86_64, r-oldrel-windows-ix86+x86_64

Version: 0.8-0
Check: R code for possible problems
Result: NOTE
    fj_pl: no visible global function definition for 'getbasismatrix'
    fj_pl: no visible global function definition for 'create.bspline.basis'
    fj_pl: no visible global function definition for 'getbasispenalty'
    forward_backward.quantities : <anonymous>: no visible global function
     definition for 'dnorm'
    function_cases1AND2: no visible global function definition for 'dnorm'
    function_cases3AND4: no visible global function definition for 'dnorm'
    pij_iid: no visible global function definition for 'dnorm'
    pilj: no visible global function definition for 'dnorm'
    updateLambda: no visible global function definition for 'optimize'
    Undefined global functions or variables:
     create.bspline.basis dnorm getbasismatrix getbasispenalty optimize
    Consider adding
     importFrom("stats", "dnorm", "optimize")
    to your NAMESPACE file.
Flavors: r-devel-linux-x86_64-debian-clang, r-devel-linux-x86_64-debian-gcc, r-devel-linux-x86_64-fedora-clang, r-devel-linux-x86_64-fedora-gcc, r-devel-windows-x86_64-new-UL, r-devel-windows-x86_64-new-TK, r-devel-windows-x86_64-old, r-patched-linux-x86_64, r-patched-solaris-x86, r-release-linux-x86_64, r-release-macos-arm64, r-release-macos-x86_64, r-release-windows-ix86+x86_64, r-oldrel-macos-x86_64, r-oldrel-windows-ix86+x86_64