CRAN Package Check Results for Package sybil

Last updated on 2022-01-26 22:55:06 CET.

Flavor Version Tinstall Tcheck Ttotal Status Flags
r-devel-linux-x86_64-debian-clang 2.2.0 23.72 268.88 292.60 NOTE
r-devel-linux-x86_64-debian-gcc 2.2.0 18.58 202.33 220.91 NOTE
r-devel-linux-x86_64-fedora-clang 2.2.0 386.54 NOTE
r-devel-linux-x86_64-fedora-gcc 2.2.0 354.45 NOTE
r-devel-windows-x86_64-new-UL 2.2.0 378.00 389.00 767.00 NOTE
r-devel-windows-x86_64-new-TK 2.2.0 NOTE
r-patched-linux-x86_64 2.2.0 36.52 180.58 217.10 NOTE
r-release-linux-x86_64 2.2.0 27.82 181.81 209.63 NOTE
r-release-macos-arm64 2.2.0 NOTE
r-release-macos-x86_64 2.2.0 NOTE
r-release-windows-ix86+x86_64 2.2.0 49.00 215.00 264.00 NOTE
r-oldrel-macos-x86_64 2.2.0 NOTE
r-oldrel-windows-ix86+x86_64 2.2.0 47.00 217.00 264.00 NOTE

Check Details

Version: 2.2.0
Check: package dependencies
Result: NOTE
    Packages suggested but not available for checking: 'cplexAPI', 'clpAPI'
Flavors: r-devel-linux-x86_64-debian-clang, r-devel-linux-x86_64-debian-gcc, r-devel-linux-x86_64-fedora-clang, r-devel-linux-x86_64-fedora-gcc, r-devel-windows-x86_64-new-TK, r-patched-linux-x86_64, r-release-linux-x86_64, r-release-macos-arm64, r-release-macos-x86_64, r-oldrel-macos-x86_64

Version: 2.2.0
Check: package dependencies
Result: NOTE
    Package suggested but not available for checking: 'cplexAPI'
Flavors: r-devel-windows-x86_64-new-UL, r-release-windows-ix86+x86_64, r-oldrel-windows-ix86+x86_64