CRAN Package Check Results for Package symSEM

Last updated on 2022-05-16 22:52:25 CEST.

Flavor Version Tinstall Tcheck Ttotal Status Flags
r-devel-linux-x86_64-debian-clang 0.1 10.77 126.62 137.39 NOTE
r-devel-linux-x86_64-debian-gcc 0.1 7.32 93.46 100.78 NOTE
r-devel-linux-x86_64-fedora-clang 0.1 160.61 NOTE
r-devel-linux-x86_64-fedora-gcc 0.1 157.33 NOTE
r-devel-windows-x86_64 0.1 14.00 132.00 146.00 NOTE
r-patched-linux-x86_64 0.1 8.30 118.92 127.22 NOTE
r-release-linux-x86_64 0.1 9.90 119.28 129.18 NOTE
r-release-macos-arm64 0.1 43.00 NOTE
r-release-macos-x86_64 0.1 63.00 NOTE
r-release-windows-x86_64 0.1 16.00 131.00 147.00 NOTE
r-oldrel-macos-arm64 0.1 56.00 NOTE
r-oldrel-macos-x86_64 0.1 77.00 NOTE
r-oldrel-windows-ix86+x86_64 0.1 27.00 130.00 157.00 NOTE

Check Details

Version: 0.1
Check: LazyData
Result: NOTE
     'LazyData' is specified without a 'data' directory
Flavors: r-devel-linux-x86_64-debian-clang, r-devel-linux-x86_64-debian-gcc, r-devel-linux-x86_64-fedora-clang, r-devel-linux-x86_64-fedora-gcc, r-devel-windows-x86_64, r-patched-linux-x86_64, r-release-linux-x86_64, r-release-macos-arm64, r-release-macos-x86_64, r-release-windows-x86_64, r-oldrel-macos-arm64, r-oldrel-macos-x86_64, r-oldrel-windows-ix86+x86_64