CRAN Package Check Results for Package sysfonts

Last updated on 2022-01-21 23:02:07 CET.

Flavor Version Tinstall Tcheck Ttotal Status Flags
r-devel-linux-x86_64-debian-clang 0.8.5 4.59 32.31 36.90 OK
r-devel-linux-x86_64-debian-gcc 0.8.5 3.03 24.82 27.85 OK
r-devel-linux-x86_64-fedora-clang 0.8.5 45.56 OK
r-devel-linux-x86_64-fedora-gcc 0.8.5 34.95 OK
r-devel-windows-x86_64-new-UL 0.8.5 74.00 100.00 174.00 NOTE
r-devel-windows-x86_64-new-TK 0.8.5 OK
r-patched-linux-x86_64 0.8.5 3.74 30.90 34.64 OK
r-release-linux-x86_64 0.8.5 3.53 30.71 34.24 OK
r-release-macos-arm64 0.8.5 NOTE
r-release-macos-x86_64 0.8.5 NOTE
r-release-windows-ix86+x86_64 0.8.5 12.00 50.00 62.00 OK
r-oldrel-macos-x86_64 0.8.5 NOTE
r-oldrel-windows-ix86+x86_64 0.8.5 12.00 47.00 59.00 OK

Check Details

Version: 0.8.5
Check: installed package size
Result: NOTE
     installed size is 5.0Mb
     sub-directories of 1Mb or more:
     fonts 1.7Mb
     libs 3.3Mb
Flavors: r-devel-windows-x86_64-new-UL, r-release-macos-arm64, r-release-macos-x86_64, r-oldrel-macos-x86_64