CRAN Package Check Results for Package sysid

Last updated on 2022-01-20 22:54:20 CET.

Flavor Version Tinstall Tcheck Ttotal Status Flags
r-devel-linux-x86_64-debian-clang 1.0.4 NOTE
r-devel-linux-x86_64-debian-gcc 1.0.4 5.87 62.02 67.89 NOTE
r-devel-linux-x86_64-fedora-clang 1.0.4 111.47 NOTE
r-devel-linux-x86_64-fedora-gcc 1.0.4 97.62 NOTE
r-devel-windows-x86_64-new-UL 1.0.4 58.00 112.00 170.00 OK
r-devel-windows-x86_64-new-TK 1.0.4 OK
r-patched-linux-x86_64 1.0.4 8.46 78.34 86.80 NOTE
r-release-linux-x86_64 1.0.4 7.61 77.25 84.86 NOTE
r-release-macos-arm64 1.0.4 OK
r-release-macos-x86_64 1.0.4 OK
r-release-windows-ix86+x86_64 1.0.4 19.00 100.00 119.00 OK
r-oldrel-macos-x86_64 1.0.4 OK
r-oldrel-windows-ix86+x86_64 1.0.4 20.00 101.00 121.00 OK

Check Details

Version: 1.0.4
Check: for non-standard things in the check directory
Result: NOTE
    Found the following files/directories:
     'test.csv'
Flavors: r-devel-linux-x86_64-debian-clang, r-devel-linux-x86_64-debian-gcc, r-devel-linux-x86_64-fedora-clang, r-devel-linux-x86_64-fedora-gcc, r-patched-linux-x86_64, r-release-linux-x86_64