CRAN Package Check Results for Package syslognet

Last updated on 2022-01-15 23:00:42 CET.

Flavor Version Tinstall Tcheck Ttotal Status Flags
r-devel-linux-x86_64-debian-clang 0.1.2.1 1.55 27.40 28.95 NOTE
r-devel-linux-x86_64-debian-gcc 0.1.2.1 1.39 21.77 23.16 NOTE
r-devel-linux-x86_64-fedora-clang 0.1.2.1 36.76 NOTE
r-devel-linux-x86_64-fedora-gcc 0.1.2.1 26.17 NOTE
r-devel-windows-x86_64-new-UL 0.1.2.1 15.00 43.00 58.00 NOTE
r-devel-windows-x86_64-new-TK 0.1.2.1 NOTE
r-patched-linux-x86_64 0.1.2.1 1.53 26.37 27.90 NOTE
r-release-linux-x86_64 0.1.2.1 1.70 26.85 28.55 NOTE
r-release-macos-arm64 0.1.2.1 NOTE
r-release-macos-x86_64 0.1.2.1 NOTE
r-release-windows-ix86+x86_64 0.1.2.1 4.00 27.00 31.00 NOTE
r-oldrel-macos-x86_64 0.1.2.1 OK
r-oldrel-windows-ix86+x86_64 0.1.2.1 4.00 28.00 32.00 OK

Check Details

Version: 0.1.2.1
Check: LazyData
Result: NOTE
     'LazyData' is specified without a 'data' directory
Flavors: r-devel-linux-x86_64-debian-clang, r-devel-linux-x86_64-debian-gcc, r-devel-linux-x86_64-fedora-clang, r-devel-linux-x86_64-fedora-gcc, r-devel-windows-x86_64-new-UL, r-devel-windows-x86_64-new-TK, r-patched-linux-x86_64, r-release-linux-x86_64, r-release-macos-arm64, r-release-macos-x86_64, r-release-windows-ix86+x86_64