CRAN Package Check Results for Package syuzhet

Last updated on 2022-01-28 23:00:54 CET.

Flavor Version Tinstall Tcheck Ttotal Status Flags
r-devel-linux-x86_64-debian-clang 1.0.6 12.42 778.30 790.72 NOTE
r-devel-linux-x86_64-debian-gcc 1.0.6 10.68 590.41 601.09 NOTE
r-devel-linux-x86_64-fedora-clang 1.0.6 416.94 NOTE
r-devel-linux-x86_64-fedora-gcc 1.0.6 373.32 NOTE
r-devel-windows-x86_64-new-UL 1.0.6 35.00 843.00 878.00 NOTE
r-devel-windows-x86_64-new-TK 1.0.6 NOTE
r-patched-linux-x86_64 1.0.6 9.96 290.46 300.42 NOTE
r-release-linux-x86_64 1.0.6 12.54 288.59 301.13 NOTE
r-release-macos-arm64 1.0.6 NOTE
r-release-macos-x86_64 1.0.6 NOTE
r-release-windows-ix86+x86_64 1.0.6 20.00 352.00 372.00 NOTE
r-oldrel-macos-x86_64 1.0.6 NOTE
r-oldrel-windows-ix86+x86_64 1.0.6 21.00 360.00 381.00 NOTE

Check Details

Version: 1.0.6
Check: LazyData
Result: NOTE
     'LazyData' is specified without a 'data' directory
Flavors: r-devel-linux-x86_64-debian-clang, r-devel-linux-x86_64-debian-gcc, r-devel-linux-x86_64-fedora-clang, r-devel-linux-x86_64-fedora-gcc, r-devel-windows-x86_64-new-UL, r-devel-windows-x86_64-new-TK, r-patched-linux-x86_64, r-release-linux-x86_64, r-release-macos-arm64, r-release-macos-x86_64, r-release-windows-ix86+x86_64

Version: 1.0.6
Check: installed package size
Result: NOTE
     installed size is 5.3Mb
     sub-directories of 1Mb or more:
     R 1.3Mb
     extdata 3.1Mb
Flavors: r-devel-linux-x86_64-fedora-clang, r-devel-windows-x86_64-new-UL, r-release-macos-arm64, r-release-macos-x86_64, r-release-windows-ix86+x86_64, r-oldrel-macos-x86_64, r-oldrel-windows-ix86+x86_64