Last updated on 2022-05-18 21:53:29 CEST.
Flavor | Version | Tinstall | Tcheck | Ttotal | Status | Flags |
---|---|---|---|---|---|---|
r-devel-linux-x86_64-debian-clang | 0.4.0 | 5.85 | 76.94 | 82.79 | NOTE | |
r-devel-linux-x86_64-debian-gcc | 0.4.0 | 5.30 | 60.11 | 65.41 | NOTE | |
r-devel-linux-x86_64-fedora-clang | 0.4.0 | 85.28 | NOTE | |||
r-devel-linux-x86_64-fedora-gcc | 0.4.0 | 87.27 | NOTE | |||
r-devel-windows-x86_64 | 0.4.0 | 30.00 | 145.00 | 175.00 | OK | |
r-patched-linux-x86_64 | 0.4.0 | 7.79 | 76.26 | 84.05 | NOTE | |
r-release-linux-x86_64 | 0.4.0 | 6.61 | 75.66 | 82.27 | NOTE | |
r-release-macos-arm64 | 0.4.0 | 28.00 | OK | |||
r-release-macos-x86_64 | 0.4.0 | 41.00 | OK | |||
r-release-windows-x86_64 | 0.4.0 | 34.00 | 142.00 | 176.00 | OK | |
r-oldrel-macos-arm64 | 0.4.0 | 45.00 | OK | |||
r-oldrel-macos-x86_64 | 0.4.0 | 51.00 | OK | |||
r-oldrel-windows-ix86+x86_64 | 0.4.0 | 27.00 | 119.00 | 146.00 | OK |
Version: 0.4.0
Check: for non-standard things in the check directory
Result: NOTE
Found the following files/directories:
'.xls' 'attenu.xls' 'chick1.xls' 'chick2.xls' 'generic1.xls'
'hands.xls' 'table1.xls'
Flavors: r-devel-linux-x86_64-debian-clang, r-devel-linux-x86_64-debian-gcc, r-devel-linux-x86_64-fedora-clang, r-devel-linux-x86_64-fedora-gcc, r-patched-linux-x86_64, r-release-linux-x86_64