CRAN Package Check Results for Package tables

Last updated on 2022-01-24 22:56:43 CET.

Flavor Version Tinstall Tcheck Ttotal Status Flags
r-devel-linux-x86_64-debian-clang 0.9.6 4.62 96.22 100.84 OK
r-devel-linux-x86_64-debian-gcc 0.9.6 4.27 71.44 75.71 OK
r-devel-linux-x86_64-fedora-clang 0.9.6 130.95 OK
r-devel-linux-x86_64-fedora-gcc 0.9.6 116.13 OK
r-devel-windows-x86_64-new-UL 0.9.6 31.00 162.00 193.00 OK
r-devel-windows-x86_64-new-TK 0.9.6 NOTE
r-patched-linux-x86_64 0.9.6 8.82 98.33 107.15 OK
r-release-linux-x86_64 0.9.6 4.64 97.00 101.64 OK
r-release-macos-arm64 0.9.6 OK
r-release-macos-x86_64 0.9.6 OK
r-release-windows-ix86+x86_64 0.9.6 10.00 127.00 137.00 OK
r-oldrel-macos-x86_64 0.9.6 OK
r-oldrel-windows-ix86+x86_64 0.9.6 9.00 128.00 137.00 OK

Check Details

Version: 0.9.6
Check: re-building of vignette outputs
Result: NOTE
    Error(s) in re-building vignettes:
    --- re-building 'HTML.Rmd' using rmarkdown
    --- finished re-building 'HTML.Rmd'
    
    --- re-building 'knitrTables.Rmd' using rmarkdown
    ! LaTeX Error: File `tabu.sty' not found.
    
    ! Emergency stop.
    <read *>
    
    Error: processing vignette 'knitrTables.Rmd' failed with diagnostics:
    LaTeX failed to compile C:/r_packages/pkgcheck/CRAN/tables/tables.Rcheck/vign_test/tables/vignettes/knitrTables.tex. See https://yihui.org/tinytex/r/#debugging for debugging tips. See knitrTables.log for more info.
    --- failed re-building 'knitrTables.Rmd'
    
    --- re-building 'tables.Rnw' using Sweave
    Warning in system(paste(shQuote(texi2dvi), if (quiet) "--quiet" else "", :
     running command '"C:\PROGRA~1\MiKTeX\miktex\bin\x64\texify.exe" --quiet --pdf "tables.tex" --max-iterations=20 -I "C:/r_packages/rinst/share/texmf/tex/latex" -I "C:/r_packages/rinst/share/texmf/bibtex/bst"' had status 1
    Error: processing vignette 'tables.Rnw' failed with diagnostics:
    running 'texi2dvi' on 'tables.tex' failed
    
    LaTeX errors:
    ! LaTeX Error: File `tabu.sty' not found.
    
    Type X to quit or <RETURN> to proceed,
    or enter new name. (Default extension: sty)
    
    les.tex:10: ==> Fatal error occurred, no output PDF file produced!
    
    --- failed re-building 'tables.Rnw'
    
    SUMMARY: processing the following files failed:
     'knitrTables.Rmd' 'tables.Rnw'
    
    Error: Vignette re-building failed.
    Execution halted
Flavor: r-devel-windows-x86_64-new-TK