CRAN Package Check Results for Package tagcloud

Last updated on 2022-07-05 22:50:35 CEST.

Flavor Version Tinstall Tcheck Ttotal Status Flags
r-devel-linux-x86_64-debian-clang 0.6 22.27 49.87 72.14 OK
r-devel-linux-x86_64-debian-gcc 0.6 17.52 38.71 56.23 OK
r-devel-linux-x86_64-fedora-clang 0.6 104.12 NOTE
r-devel-linux-x86_64-fedora-gcc 0.6 100.51 NOTE
r-devel-windows-x86_64 0.6 39.00 115.00 154.00 OK
r-patched-linux-x86_64 0.6 18.65 49.53 68.18 OK
r-release-linux-x86_64 0.6 17.92 49.00 66.92 OK
r-release-macos-arm64 0.6 32.00 OK
r-release-macos-x86_64 0.6 39.00 OK
r-release-windows-x86_64 0.6 40.00 116.00 156.00 OK
r-oldrel-macos-arm64 0.6 36.00 OK
r-oldrel-macos-x86_64 0.6 62.00 OK
r-oldrel-windows-ix86+x86_64 0.6 59.00 85.00 144.00 OK

Check Details

Version: 0.6
Check: compiled code
Result: NOTE
    File ‘tagcloud/libs/tagcloud.so’:
     Found no calls to: ‘R_registerRoutines’, ‘R_useDynamicSymbols’
    
    It is good practice to register native routines and to disable symbol
    search.
    
    See ‘Writing portable packages’ in the ‘Writing R Extensions’ manual.
Flavors: r-devel-linux-x86_64-fedora-clang, r-devel-linux-x86_64-fedora-gcc