Last updated on 2023-02-06 00:52:45 CET.
Flavor | Version | Tinstall | Tcheck | Ttotal | Status | Flags |
---|---|---|---|---|---|---|
r-devel-linux-x86_64-debian-clang | 0.8.2 | 18.49 | 82.28 | 100.77 | OK | |
r-devel-linux-x86_64-debian-gcc | 0.8.2 | 14.64 | 62.71 | 77.35 | OK | |
r-devel-linux-x86_64-fedora-clang | 0.8.2 | 127.42 | OK | |||
r-devel-linux-x86_64-fedora-gcc | 0.8.2 | 123.90 | OK | |||
r-devel-windows-x86_64 | 0.8.2 | 68.00 | 139.00 | 207.00 | OK | |
r-patched-linux-x86_64 | 0.8.2 | 19.41 | 79.13 | 98.54 | OK | |
r-release-linux-x86_64 | 0.8.2 | 16.66 | 79.53 | 96.19 | OK | |
r-release-macos-arm64 | 0.8.2 | 35.00 | OK | |||
r-release-macos-x86_64 | 0.8.2 | 49.00 | OK | |||
r-release-windows-x86_64 | 0.8.2 | 75.00 | 126.00 | 201.00 | OK | |
r-oldrel-macos-arm64 | 0.8.2 | 39.00 | OK | |||
r-oldrel-macos-x86_64 | 0.8.2 | 55.00 | OK | |||
r-oldrel-windows-ix86+x86_64 | 0.8.2 | 31.00 | 117.00 | 148.00 | WARN |
Version: 0.8.2
Check: for unstated dependencies in ‘tests’
Result: WARN
Warning: unable to access index for repository https://bioconductor.org/packages/3.14/bioc/src/contrib:
cannot open URL 'https://bioconductor.org/packages/3.14/bioc/src/contrib/PACKAGES'
Warning: unable to access index for repository https://bioconductor.org/packages/3.14/data/annotation/src/contrib:
cannot open URL 'https://bioconductor.org/packages/3.14/data/annotation/src/contrib/PACKAGES'
Warning: unable to access index for repository https://bioconductor.org/packages/3.14/data/experiment/src/contrib:
cannot open URL 'https://bioconductor.org/packages/3.14/data/experiment/src/contrib/PACKAGES'
Flavor: r-oldrel-windows-ix86+x86_64