CRAN Package Check Results for Package targeted

Last updated on 2024-02-20 23:54:09 CET.

Flavor Version Tinstall Tcheck Ttotal Status Flags
r-devel-linux-x86_64-debian-clang 0.4 OK
r-devel-linux-x86_64-debian-gcc 0.4 217.26 165.53 382.79 OK
r-devel-linux-x86_64-fedora-clang 0.4 617.52 OK
r-devel-linux-x86_64-fedora-gcc 0.4 611.39 OK
r-devel-windows-x86_64 0.4 208.00 192.00 400.00 OK
r-patched-linux-x86_64 0.4 261.26 216.23 477.49 OK
r-release-linux-x86_64 0.4 203.88 201.88 405.76 OK
r-release-macos-arm64 0.4 142.00 NOTE
r-release-macos-x86_64 0.4 211.00 NOTE
r-release-windows-x86_64 0.4 259.00 236.00 495.00 OK
r-oldrel-macos-arm64 0.4 138.00 NOTE
r-oldrel-windows-x86_64 0.4 255.00 223.00 478.00 OK

Check Details

Version: 0.4
Check: installed package size
Result: NOTE installed size is 15.0Mb sub-directories of 1Mb or more: doc 1.1Mb libs 13.3Mb Flavors: r-release-macos-arm64, r-release-macos-x86_64, r-oldrel-macos-arm64