Last updated on 2022-05-17 22:51:40 CEST.
Flavor | Version | Tinstall | Tcheck | Ttotal | Status | Flags |
---|---|---|---|---|---|---|
r-devel-linux-x86_64-debian-clang | 1.1.1 | 4.45 | 89.61 | 94.06 | NOTE | |
r-devel-linux-x86_64-debian-gcc | 1.1.1 | 3.38 | 64.37 | 67.75 | NOTE | |
r-devel-linux-x86_64-fedora-clang | 1.1.1 | 109.54 | NOTE | |||
r-devel-linux-x86_64-fedora-gcc | 1.1.1 | 105.94 | NOTE | |||
r-devel-windows-x86_64 | 1.1.1 | 43.00 | 121.00 | 164.00 | NOTE | |
r-patched-linux-x86_64 | 1.1.1 | 7.32 | 84.42 | 91.74 | NOTE | |
r-release-linux-x86_64 | 1.1.1 | 5.02 | 83.62 | 88.64 | NOTE | |
r-release-macos-arm64 | 1.1.1 | 32.00 | NOTE | |||
r-release-macos-x86_64 | 1.1.1 | 43.00 | NOTE | |||
r-release-windows-x86_64 | 1.1.1 | 48.00 | 112.00 | 160.00 | NOTE | |
r-oldrel-macos-arm64 | 1.1.1 | 37.00 | NOTE | |||
r-oldrel-macos-x86_64 | 1.1.1 | 68.00 | NOTE | |||
r-oldrel-windows-ix86+x86_64 | 1.1.1 | 11.00 | 102.00 | 113.00 | NOTE |
Version: 1.1.1
Check: LazyData
Result: NOTE
'LazyData' is specified without a 'data' directory
Flavors: r-devel-linux-x86_64-debian-clang, r-devel-linux-x86_64-debian-gcc, r-devel-linux-x86_64-fedora-clang, r-devel-linux-x86_64-fedora-gcc, r-devel-windows-x86_64, r-patched-linux-x86_64, r-release-linux-x86_64, r-release-macos-arm64, r-release-macos-x86_64, r-release-windows-x86_64, r-oldrel-macos-arm64, r-oldrel-macos-x86_64, r-oldrel-windows-ix86+x86_64