CRAN Package Check Results for Package texmex

Last updated on 2024-02-25 23:02:23 CET.

Flavor Version Tinstall Tcheck Ttotal Status Flags
r-devel-linux-x86_64-debian-clang 2.4.8 44.16 126.45 170.61 OK
r-devel-linux-x86_64-debian-gcc 2.4.8 32.12 81.41 113.53 ERROR
r-devel-linux-x86_64-fedora-clang 2.4.8 217.63 OK
r-devel-linux-x86_64-fedora-gcc 2.4.8 216.63 ERROR
r-devel-windows-x86_64 2.4.8 35.00 132.00 167.00 OK
r-patched-linux-x86_64 2.4.8 42.08 122.07 164.15 OK
r-release-linux-x86_64 2.4.8 38.73 122.51 161.24 OK
r-release-macos-arm64 2.4.8 65.00 OK
r-release-macos-x86_64 2.4.8 100.00 OK
r-release-windows-x86_64 2.4.8 46.00 157.00 203.00 OK
r-oldrel-macos-arm64 2.4.8 57.00 OK
r-oldrel-windows-x86_64 2.4.8 44.00 140.00 184.00 OK

Check Details

Version: 2.4.8
Check: examples
Result: ERROR Running examples in ‘texmex-Ex.R’ failed The error most likely occurred in: > base::assign(".ptime", proc.time(), pos = "CheckExEnv") > ### Name: extremalIndex > ### Title: Extremal index estimation and automatic declustering > ### Aliases: extremalIndex extremalIndexRangeFit declust declust.default > ### declust.extremalIndex print.extremalIndex plot.declustered > ### print.declustered bootExtremalIndex evm.declustered > ### plot.extremalIndexRangeFit ggplot.extremalIndexRangeFit > > ### ** Examples > > > par(mfrow=c(2,2)); > extremalIndexRangeFit(summer$O3,nboot=10) 1 of 10 thresholds: bootstrap ... Error in lapply(X = X, FUN = FUN, ...) : getting UseMethod variable 'theCall' from generic 'evm'; this is no longer supported Calls: extremalIndexRangeFit ... texmexParameters -> findFormulae -> sapply -> lapply Execution halted Flavor: r-devel-linux-x86_64-debian-gcc

Version: 2.4.8
Check: examples
Result: ERROR Running examples in ‘texmex-Ex.R’ failed The error most likely occurred in: > ### Name: extremalIndex > ### Title: Extremal index estimation and automatic declustering > ### Aliases: extremalIndex extremalIndexRangeFit declust declust.default > ### declust.extremalIndex print.extremalIndex plot.declustered > ### print.declustered bootExtremalIndex evm.declustered > ### plot.extremalIndexRangeFit ggplot.extremalIndexRangeFit > > ### ** Examples > > > par(mfrow=c(2,2)); > extremalIndexRangeFit(summer$O3,nboot=10) 1 of 10 thresholds: bootstrap ... Error in lapply(X = X, FUN = FUN, ...) : getting UseMethod variable 'theCall' from generic 'evm'; this is no longer supported Calls: extremalIndexRangeFit ... texmexParameters -> findFormulae -> sapply -> lapply Execution halted Flavor: r-devel-linux-x86_64-fedora-gcc