Last updated on 2022-05-27 22:52:08 CEST.
Flavor | Version | Tinstall | Tcheck | Ttotal | Status | Flags |
---|---|---|---|---|---|---|
r-devel-linux-x86_64-debian-clang | 0.9.3 | 15.12 | 58.57 | 73.69 | OK | |
r-devel-linux-x86_64-debian-gcc | 0.9.3 | 11.52 | 44.59 | 56.11 | OK | |
r-devel-linux-x86_64-fedora-clang | 0.9.3 | 88.56 | NOTE | |||
r-devel-linux-x86_64-fedora-gcc | 0.9.3 | 77.69 | NOTE | |||
r-devel-windows-x86_64 | 0.9.3 | 59.00 | 77.00 | 136.00 | OK | |
r-patched-linux-x86_64 | 0.9.3 | 11.70 | 56.07 | 67.77 | OK | |
r-release-linux-x86_64 | 0.9.3 | 11.94 | 55.77 | 67.71 | OK | |
r-release-macos-arm64 | 0.9.3 | 34.00 | NOTE | |||
r-release-macos-x86_64 | 0.9.3 | 47.00 | NOTE | |||
r-release-windows-x86_64 | 0.9.3 | 58.00 | 78.00 | 136.00 | OK | |
r-oldrel-macos-arm64 | 0.9.3 | 41.00 | NOTE | |||
r-oldrel-macos-x86_64 | 0.9.3 | 55.00 | NOTE | |||
r-oldrel-windows-ix86+x86_64 | 0.9.3 | 23.00 | 68.00 | 91.00 | OK |
Version: 0.9.3
Check: dependencies in R code
Result: NOTE
Namespace in Imports field not imported from: ‘lexicon’
All declared Imports should be used.
Flavors: r-devel-linux-x86_64-fedora-clang, r-devel-linux-x86_64-fedora-gcc, r-release-macos-arm64, r-release-macos-x86_64, r-oldrel-macos-arm64, r-oldrel-macos-x86_64
Version: 0.9.3
Check: Rd cross-references
Result: NOTE
Undeclared package ‘gsubfn’ in Rd xrefs
Flavor: r-devel-linux-x86_64-fedora-clang