CRAN Package Check Results for Package thematic

Last updated on 2021-12-06 21:51:30 CET.

Flavor Version Tinstall Tcheck Ttotal Status Flags
r-devel-linux-x86_64-debian-clang 0.1.2.1 5.42 60.19 65.61 OK
r-devel-linux-x86_64-debian-gcc 0.1.2.1 3.58 45.73 49.31 OK
r-devel-linux-x86_64-fedora-clang 0.1.2.1 77.91 OK
r-devel-linux-x86_64-fedora-gcc 0.1.2.1 71.85 OK
r-devel-windows-x86_64-new-UL 0.1.2.1 14.00 92.00 106.00 OK
r-devel-windows-x86_64-new-TK 0.1.2.1 OK
r-devel-windows-x86_64-old 0.1.2.1 7.00 61.00 68.00 OK
r-patched-linux-x86_64 0.1.2.1 4.89 48.12 53.01 OK
r-release-linux-x86_64 0.1.2.1 4.28 56.12 60.40 OK
r-release-macos-arm64 0.1.2.1 NOTE
r-release-macos-x86_64 0.1.2.1 OK
r-release-windows-ix86+x86_64 0.1.2.1 9.00 71.00 80.00 OK
r-oldrel-macos-x86_64 0.1.2.1 OK
r-oldrel-windows-ix86+x86_64 0.1.2.1 10.00 75.00 85.00 OK

Check Details

Version: 0.1.2.1
Check: package dependencies
Result: NOTE
    Packages suggested but not available for checking: 'sysfonts', 'showtext'
Flavor: r-release-macos-arm64