CRAN Package Check Results for Package thor

Last updated on 2022-06-29 23:09:45 CEST.

Flavor Version Tinstall Tcheck Ttotal Status Flags
r-devel-linux-x86_64-debian-clang 1.1.2 11.69 39.52 51.21 NOTE
r-devel-linux-x86_64-debian-gcc 1.1.2 9.96 30.66 40.62 NOTE
r-devel-linux-x86_64-fedora-clang 1.1.2 71.59 NOTE
r-devel-linux-x86_64-fedora-gcc 1.1.2 70.78 NOTE
r-devel-windows-x86_64 1.1.2 29.00 72.00 101.00 WARN
r-patched-linux-x86_64 1.1.2 12.13 37.89 50.02 NOTE
r-release-linux-x86_64 1.1.2 9.53 38.72 48.25 NOTE
r-release-macos-arm64 1.1.2 25.00 NOTE
r-release-macos-x86_64 1.1.2 33.00 NOTE
r-release-windows-x86_64 1.1.2 33.00 73.00 106.00 WARN
r-oldrel-macos-arm64 1.1.2 28.00 NOTE
r-oldrel-macos-x86_64 1.1.2 44.00 NOTE
r-oldrel-windows-ix86+x86_64 1.1.2 31.00 78.00 109.00 NOTE

Check Details

Version: 1.1.2
Check: LazyData
Result: NOTE
     'LazyData' is specified without a 'data' directory
Flavors: r-devel-linux-x86_64-debian-clang, r-devel-linux-x86_64-debian-gcc, r-devel-linux-x86_64-fedora-clang, r-devel-linux-x86_64-fedora-gcc, r-devel-windows-x86_64, r-patched-linux-x86_64, r-release-linux-x86_64, r-release-macos-arm64, r-release-macos-x86_64, r-release-windows-x86_64, r-oldrel-macos-arm64, r-oldrel-macos-x86_64, r-oldrel-windows-ix86+x86_64

Version: 1.1.2
Check: whether package can be installed
Result: WARN
    Found the following significant warnings:
     lmdb/mdb.c:10787:24: warning: ISO C does not support the 'I' printf flag [-Wformat=]
Flavors: r-devel-windows-x86_64, r-release-windows-x86_64