Last updated on 2023-04-01 22:53:58 CEST.
Flavor | Version | Tinstall | Tcheck | Ttotal | Status | Flags |
---|---|---|---|---|---|---|
r-devel-linux-x86_64-debian-clang | 0.2.0 | 2.56 | 27.28 | 29.84 | NOTE | |
r-devel-linux-x86_64-debian-gcc | 0.2.0 | 2.31 | 21.89 | 24.20 | NOTE | |
r-devel-linux-x86_64-fedora-clang | 0.2.0 | 38.28 | NOTE | |||
r-devel-linux-x86_64-fedora-gcc | 0.2.0 | 36.10 | NOTE | |||
r-patched-linux-x86_64 | 0.2.0 | 2.17 | 26.33 | 28.50 | NOTE | |
r-release-linux-x86_64 | 0.2.0 | 2.04 | 27.80 | 29.84 | NOTE | |
r-release-macos-arm64 | 0.2.0 | 17.00 | NOTE | |||
r-release-macos-x86_64 | 0.2.0 | 22.00 | NOTE | |||
r-release-windows-x86_64 | 0.2.0 | 8.00 | 60.00 | 68.00 | NOTE | |
r-oldrel-macos-arm64 | 0.2.0 | 20.00 | NOTE | |||
r-oldrel-macos-x86_64 | 0.2.0 | 26.00 | NOTE | |||
r-oldrel-windows-ix86+x86_64 | 0.2.0 | 8.00 | 55.00 | 63.00 | NOTE |
Version: 0.2.0
Check: LazyData
Result: NOTE
'LazyData' is specified without a 'data' directory
Flavors: r-devel-linux-x86_64-debian-clang, r-devel-linux-x86_64-debian-gcc, r-devel-linux-x86_64-fedora-clang, r-devel-linux-x86_64-fedora-gcc, r-patched-linux-x86_64, r-release-linux-x86_64, r-release-macos-arm64, r-release-macos-x86_64, r-release-windows-x86_64, r-oldrel-macos-arm64, r-oldrel-macos-x86_64, r-oldrel-windows-ix86+x86_64