CRAN Package Check Results for Package thsls

Last updated on 2022-05-16 22:52:25 CEST.

Flavor Version Tinstall Tcheck Ttotal Status Flags
r-devel-linux-x86_64-debian-clang 0.1 1.71 30.41 32.12 NOTE
r-devel-linux-x86_64-debian-gcc 0.1 1.66 24.37 26.03 NOTE
r-devel-linux-x86_64-fedora-clang 0.1 40.27 NOTE
r-devel-linux-x86_64-fedora-gcc 0.1 39.00 NOTE
r-devel-windows-x86_64 0.1 11.00 51.00 62.00 NOTE
r-patched-linux-x86_64 0.1 1.60 29.36 30.96 NOTE
r-release-linux-x86_64 0.1 2.13 30.32 32.45 NOTE
r-release-macos-arm64 0.1 14.00 NOTE
r-release-macos-x86_64 0.1 21.00 NOTE
r-release-windows-x86_64 0.1 5.00 54.00 59.00 NOTE
r-oldrel-macos-arm64 0.1 18.00 NOTE
r-oldrel-macos-x86_64 0.1 23.00 NOTE
r-oldrel-windows-ix86+x86_64 0.1 5.00 25.00 30.00 NOTE

Check Details

Version: 0.1
Check: R code for possible problems
Result: NOTE
    summary.tsls: no visible global function definition for 'printCoefmat'
    threesls: no visible global function definition for 'cor'
    threesls: no visible global function definition for 'pt'
    tsls.formula: no visible global function definition for 'model.matrix'
    tsls.formula: no visible global function definition for
     'model.response'
    Undefined global functions or variables:
     cor model.matrix model.response printCoefmat pt
    Consider adding
     importFrom("stats", "cor", "model.matrix", "model.response",
     "printCoefmat", "pt")
    to your NAMESPACE file.
Flavors: r-devel-linux-x86_64-debian-clang, r-devel-linux-x86_64-debian-gcc, r-devel-linux-x86_64-fedora-clang, r-devel-linux-x86_64-fedora-gcc, r-devel-windows-x86_64, r-patched-linux-x86_64, r-release-linux-x86_64, r-release-macos-arm64, r-release-macos-x86_64, r-release-windows-x86_64, r-oldrel-macos-arm64, r-oldrel-macos-x86_64, r-oldrel-windows-ix86+x86_64

Version: 0.1
Check: LazyData
Result: NOTE
     'LazyData' is specified without a 'data' directory
Flavors: r-devel-linux-x86_64-debian-clang, r-devel-linux-x86_64-debian-gcc, r-devel-linux-x86_64-fedora-clang, r-devel-linux-x86_64-fedora-gcc, r-devel-windows-x86_64, r-patched-linux-x86_64, r-release-linux-x86_64, r-release-macos-arm64, r-release-macos-x86_64, r-release-windows-x86_64, r-oldrel-macos-arm64, r-oldrel-macos-x86_64, r-oldrel-windows-ix86+x86_64