CRAN Package Check Results for Package tictactoe

Last updated on 2022-01-23 22:49:57 CET.

Flavor Version Tinstall Tcheck Ttotal Status Flags
r-devel-linux-x86_64-debian-clang 0.2.2 2.86 44.96 47.82 NOTE
r-devel-linux-x86_64-debian-gcc 0.2.2 2.20 38.22 40.42 NOTE
r-devel-linux-x86_64-fedora-clang 0.2.2 58.15 NOTE
r-devel-linux-x86_64-fedora-gcc 0.2.2 47.00 NOTE
r-devel-windows-x86_64-new-UL 0.2.2 45.00 63.00 108.00 NOTE
r-devel-windows-x86_64-new-TK 0.2.2 NOTE
r-patched-linux-x86_64 0.2.2 2.98 42.43 45.41 NOTE
r-release-linux-x86_64 0.2.2 3.01 42.23 45.24 NOTE
r-release-macos-arm64 0.2.2 NOTE
r-release-macos-x86_64 0.2.2 NOTE
r-release-windows-ix86+x86_64 0.2.2 7.00 57.00 64.00 NOTE
r-oldrel-macos-x86_64 0.2.2 OK
r-oldrel-windows-ix86+x86_64 0.2.2 8.00 54.00 62.00 OK

Check Details

Version: 0.2.2
Check: LazyData
Result: NOTE
     'LazyData' is specified without a 'data' directory
Flavors: r-devel-linux-x86_64-debian-clang, r-devel-linux-x86_64-debian-gcc, r-devel-linux-x86_64-fedora-clang, r-devel-linux-x86_64-fedora-gcc, r-devel-windows-x86_64-new-UL, r-devel-windows-x86_64-new-TK, r-patched-linux-x86_64, r-release-linux-x86_64, r-release-macos-arm64, r-release-macos-x86_64, r-release-windows-ix86+x86_64